{"id":8279,"date":"2022-02-26T19:10:23","date_gmt":"2022-02-26T18:10:23","guid":{"rendered":"https:\/\/liguegolfbfc.org\/?page_id=8279"},"modified":"2025-10-15T14:05:25","modified_gmt":"2025-10-15T12:05:25","slug":"transitionecologique","status":"publish","type":"page","link":"https:\/\/liguegolfbfc.org\/index.php\/transitionecologique\/","title":{"rendered":"TRANSITION \u00c9COLOGIQUE"},"content":{"rendered":"\n<h2 class=\"wp-block-heading\">Une premi\u00e8re journ\u00e9e r\u00e9gionale tourn\u00e9e vers l\u2019avenir<\/h2>\n\n\n\n<div class=\"wp-block-columns is-layout-flex wp-container-core-columns-is-layout-9d6595d7 wp-block-columns-is-layout-flex\">\n<div class=\"wp-block-column is-layout-flow wp-block-column-is-layout-flow\">\n<figure class=\"wp-block-image size-large\"><img loading=\"lazy\" decoding=\"async\" width=\"2560\" height=\"2560\" src=\"https:\/\/liguegolfbfc.org\/wp-content\/uploads\/2025\/10\/IMG_7811-1-edited-scaled.jpg\" alt=\"\" class=\"wp-image-19132\" srcset=\"https:\/\/liguegolfbfc.org\/wp-content\/uploads\/2025\/10\/IMG_7811-1-edited-scaled.jpg 2560w, https:\/\/liguegolfbfc.org\/wp-content\/uploads\/2025\/10\/IMG_7811-1-edited-300x300.jpg 300w, https:\/\/liguegolfbfc.org\/wp-content\/uploads\/2025\/10\/IMG_7811-1-edited-1024x1024.jpg 1024w, https:\/\/liguegolfbfc.org\/wp-content\/uploads\/2025\/10\/IMG_7811-1-edited-150x150.jpg 150w, https:\/\/liguegolfbfc.org\/wp-content\/uploads\/2025\/10\/IMG_7811-1-edited-768x768.jpg 768w, https:\/\/liguegolfbfc.org\/wp-content\/uploads\/2025\/10\/IMG_7811-1-edited-1536x1536.jpg 1536w, https:\/\/liguegolfbfc.org\/wp-content\/uploads\/2025\/10\/IMG_7811-1-edited-2048x2048.jpg 2048w, https:\/\/liguegolfbfc.org\/wp-content\/uploads\/2025\/10\/IMG_7811-1-edited-550x550.jpg 550w\" sizes=\"auto, (max-width: 2560px) 100vw, 2560px\" \/><\/figure>\n<\/div>\n\n\n\n<div class=\"wp-block-column is-layout-flow wp-block-column-is-layout-flow\">\n<figure class=\"wp-block-image size-large\"><img loading=\"lazy\" decoding=\"async\" width=\"2560\" height=\"2560\" src=\"https:\/\/liguegolfbfc.org\/wp-content\/uploads\/2025\/10\/IMG_7814-1-edited-scaled.jpg\" alt=\"\" class=\"wp-image-19133\" srcset=\"https:\/\/liguegolfbfc.org\/wp-content\/uploads\/2025\/10\/IMG_7814-1-edited-scaled.jpg 2560w, https:\/\/liguegolfbfc.org\/wp-content\/uploads\/2025\/10\/IMG_7814-1-edited-300x300.jpg 300w, https:\/\/liguegolfbfc.org\/wp-content\/uploads\/2025\/10\/IMG_7814-1-edited-1024x1024.jpg 1024w, https:\/\/liguegolfbfc.org\/wp-content\/uploads\/2025\/10\/IMG_7814-1-edited-150x150.jpg 150w, https:\/\/liguegolfbfc.org\/wp-content\/uploads\/2025\/10\/IMG_7814-1-edited-768x768.jpg 768w, https:\/\/liguegolfbfc.org\/wp-content\/uploads\/2025\/10\/IMG_7814-1-edited-1536x1536.jpg 1536w, https:\/\/liguegolfbfc.org\/wp-content\/uploads\/2025\/10\/IMG_7814-1-edited-2048x2048.jpg 2048w, https:\/\/liguegolfbfc.org\/wp-content\/uploads\/2025\/10\/IMG_7814-1-edited-550x550.jpg 550w\" sizes=\"auto, (max-width: 2560px) 100vw, 2560px\" \/><\/figure>\n<\/div>\n\n\n\n<div class=\"wp-block-column is-layout-flow wp-block-column-is-layout-flow\">\n<figure class=\"wp-block-image size-large\"><img loading=\"lazy\" decoding=\"async\" width=\"853\" height=\"853\" src=\"https:\/\/liguegolfbfc.org\/wp-content\/uploads\/2025\/10\/Journee-TE-en-BFC-5-1-edited.jpeg\" alt=\"\" class=\"wp-image-19139\" srcset=\"https:\/\/liguegolfbfc.org\/wp-content\/uploads\/2025\/10\/Journee-TE-en-BFC-5-1-edited.jpeg 853w, https:\/\/liguegolfbfc.org\/wp-content\/uploads\/2025\/10\/Journee-TE-en-BFC-5-1-edited-300x300.jpeg 300w, https:\/\/liguegolfbfc.org\/wp-content\/uploads\/2025\/10\/Journee-TE-en-BFC-5-1-edited-150x150.jpeg 150w, https:\/\/liguegolfbfc.org\/wp-content\/uploads\/2025\/10\/Journee-TE-en-BFC-5-1-edited-768x768.jpeg 768w, https:\/\/liguegolfbfc.org\/wp-content\/uploads\/2025\/10\/Journee-TE-en-BFC-5-1-edited-550x550.jpeg 550w\" sizes=\"auto, (max-width: 853px) 100vw, 853px\" \/><\/figure>\n<\/div>\n<\/div>\n\n\n\n<p><span style=\"white-space: normal; font-size: medium;\">Le\u00a0<\/span><strong data-start=\"525\" data-end=\"549\" style=\"white-space: normal;\">lundi 6 octobre 2025<\/strong>, le Golf de Dijon Norges a accueilli la\u00a0<strong>premi\u00e8re journ\u00e9e r\u00e9gionale d\u00e9di\u00e9e \u00e0 la transition \u00e9cologique du golf<\/strong>, initi\u00e9e par la ffgolf.<br>La\u00a0<strong>Ligue Bourgogne-Franche-Comt\u00e9 de Golf<\/strong>\u00a0a particip\u00e9 activement \u00e0 cette rencontre, aux c\u00f4t\u00e9s des clubs du territoire, pour r\u00e9fl\u00e9chir collectivement aux\u00a0<strong>solutions durables pour l\u2019avenir du golf<\/strong>.<\/p>\n\n\n\n<p>Cette journ\u00e9e a permis<\/p>\n\n\n\n<ul class=\"wp-block-list\">\n<li>de\u00a0<strong>partager des retours d\u2019exp\u00e9rience<\/strong>\u00a0entre clubs,<\/li>\n\n\n\n<li>de\u00a0<strong>pr\u00e9senter des outils adapt\u00e9s<\/strong>\u00a0: stations m\u00e9t\u00e9o, gestion raisonn\u00e9e de l\u2019eau, suivi des ressources,<\/li>\n\n\n\n<li>d\u2019ouvrir un\u00a0<strong>espace de dialogue sur les enjeux climatiques<\/strong>\u00a0et l&rsquo;adaptation des pratiques golfiques.<\/li>\n<\/ul>\n\n\n\n<figure class=\"wp-block-image size-large\"><img loading=\"lazy\" decoding=\"async\" width=\"2560\" height=\"1440\" src=\"https:\/\/liguegolfbfc.org\/wp-content\/uploads\/2025\/10\/IMG_7820-2-edited-scaled.jpg\" alt=\"\" class=\"wp-image-19137\" srcset=\"https:\/\/liguegolfbfc.org\/wp-content\/uploads\/2025\/10\/IMG_7820-2-edited-scaled.jpg 2560w, https:\/\/liguegolfbfc.org\/wp-content\/uploads\/2025\/10\/IMG_7820-2-edited-300x169.jpg 300w, https:\/\/liguegolfbfc.org\/wp-content\/uploads\/2025\/10\/IMG_7820-2-edited-1024x576.jpg 1024w, https:\/\/liguegolfbfc.org\/wp-content\/uploads\/2025\/10\/IMG_7820-2-edited-768x432.jpg 768w, https:\/\/liguegolfbfc.org\/wp-content\/uploads\/2025\/10\/IMG_7820-2-edited-1536x864.jpg 1536w, https:\/\/liguegolfbfc.org\/wp-content\/uploads\/2025\/10\/IMG_7820-2-edited-2048x1152.jpg 2048w\" sizes=\"auto, (max-width: 2560px) 100vw, 2560px\" \/><\/figure>\n\n\n\n<p>Le golf vit une p\u00e9riode de transformation.<br><strong>Face aux d\u00e9fis environnementaux<\/strong>, les structures de Bourgogne-Franche-Comt\u00e9 montrent leur volont\u00e9 d\u2019innover et de s\u2019adapter.<\/p>\n\n\n\n<h3 class=\"wp-block-heading\">Un engagement collectif pour un golf d\u2019avenir<\/h3>\n\n\n\n<p>La Ligue BFC, en lien avec la ffgolf,&nbsp;<strong>accompagne les structures du territoire<\/strong>&nbsp;dans cette transition environnementale.<br>Cette premi\u00e8re journ\u00e9e marque une&nbsp;<strong>\u00e9tape importante<\/strong>&nbsp;dans la construction d\u2019un r\u00e9seau d\u2019acteurs r\u00e9gionaux mobilis\u00e9s autour des enjeux de durabilit\u00e9 et d\u2019innovation.<\/p>\n\n\n\n<p>La transition \u00e9cologique du golf est en marche en Bourgogne-Franche-Comt\u00e9.<br>Gr\u00e2ce \u00e0 la collaboration entre la ffgolf, la Ligue BFC et les clubs,\u00a0<strong>le golf s\u2019affirme comme un acteur responsable et engag\u00e9<\/strong>\u00a0pour l\u2019avenir de nos territoires.<\/p>\n\n\n\n<figure class=\"wp-block-pullquote\"><blockquote><p>\u00ab La transition \u00e9cologique du golf n\u2019est pas une contrainte, mais une formidable opportunit\u00e9 de repenser notre pratique, de pr\u00e9server nos parcours et de renforcer le lien entre sport et nature. \u00bb<\/p><\/blockquote><\/figure>\n\n\n\n<h2 class=\"wp-block-heading\">JOURN\u00c9E PORTES OUVERTES \u00ab\u00a0GOLF POUR LA BIODIVERSIT\u00c9\u00a0\u00bb <\/h2>\n\n\n\n<p><strong><a rel=\"noreferrer noopener\" href=\"https:\/\/www.ffgolf.org\/transition-ecologique\/preservation-de-la-biodiversite\/journees-portes-ouvertes-golf-pour-la-biodiversite-2024\" target=\"_blank\">Lire sur le site FFGOLF<\/a><\/strong><\/p>\n\n\n\n<h2 class=\"wp-block-heading\">Golfs labellis\u00e9s en Bourgogne Franche-Comt\u00e9<\/h2>\n\n\n\n<p><strong><a href=\"http:\/\/guidegolfs.ffgolf.org\/map\/fr\/golfs-labels-bio\" target=\"_blank\" rel=\"noreferrer noopener\">Carte des golf labellis\u00e9s ou en cours de labellisation <\/a><\/strong><\/p>\n\n\n\n<p><strong>Golf Dijon Bourgogne<\/strong> &#8211; Label bronze obtenu le 31\/01\/2022<br><em>Val de Sorne<\/em> &#8211; en cours d&rsquo;obtention depuis 28\/03\/2023 Label bronze <br><em>Roncemay <\/em>&#8211; en cours d&rsquo;obtention depuis le 29\/09\/2023 label argent<br><em>Besan\u00e7on <\/em>&#8211; en cours d&rsquo;obtention depuis le 12\/10\/2023 label argent<br><em>Mont St Jean &#8211;<\/em> en cours d&rsquo;obtention depuis le 4\/07\/2022 label bronze<\/p>\n\n\n\n<p class=\"has-vivid-green-cyan-background-color has-background\"><strong>CHARTE DES 15 ENGAGEMENTS ECO-RESPONSABLES POUR LES COMP\u00c9TITIONS<\/strong><\/p>\n\n\n\n<p>La ffgolf est signataire de la Charte des 15 engagements \u00e9coresponsables des organisateurs <br>d\u2019\u00e9v\u00e9nements sportifs&nbsp;soutenue par le Minist\u00e8re des Sports et&nbsp;la WWF France.<\/p>\n\n\n\n<p>Pour qu\u2019elle soit appliqu\u00e9e dans les comp\u00e9titions f\u00e9d\u00e9rales, la ffgolf propose un guide afin <br>d\u2019accompagner les ligues r\u00e9gionales et les clubs organisateurs.<\/p>\n\n\n\n<p>Con\u00e7u au regard de la sp\u00e9cificit\u00e9 de notre sport, ce guide recommande un certain nombre d\u2019actions incitatives et d\u2019\u00e9valuations \u00e0 mettre en oeuvre lors de comp\u00e9titions f\u00e9d\u00e9rales ou \u00e9ventuellement de club.<\/p>\n\n\n\n<p>C\u2019est ainsi que 4 th\u00e8mes d\u00e9clin\u00e9s en quinze actions sont abord\u00e9s :<\/p>\n\n\n\n<ul class=\"wp-block-list\">\n<li>limiter et mesurer notre impact environnemental<\/li>\n\n\n\n<li>agir pour une \u00e9conomie plus responsable<\/li>\n\n\n\n<li>lutter contre les discriminations<\/li>\n\n\n\n<li>informer, sensibiliser et former<\/li>\n<\/ul>\n\n\n\n<p>Au cours de l\u2019ann\u00e9e 2023, il est demand\u00e9 \u00e0 chacun, \u00e0 sa convenance, de s\u2019approprier cette d\u00e9marche RSO et de s\u2019engager pour une activit\u00e9 durable et responsable de notre sport. A vous de jouer !<\/p>\n\n\n\n<p><strong><a href=\"https:\/\/liguegolfbfc.org\/wp-content\/uploads\/2023\/03\/PGBIO-15-Engagements_digital.pdf\" target=\"_blank\" rel=\"noreferrer noopener\">LIRE LA CHARTE<\/a><\/strong><\/p>\n\n\n\n<p class=\"has-vivid-green-cyan-background-color has-background\"><strong>BIODIVERSIT<\/strong>\u00c9<\/p>\n\n\n\n<p><strong><a href=\"https:\/\/www.arb-bfc.fr\/publications\/100-chiffres-expliques-sur-la-biodiversite-en-bourgogne-franche-comte-2022\/\" target=\"_blank\" rel=\"noreferrer noopener\">100 Chiffres expliqu\u00e9s sur la biodiversit\u00e9s en Bourgogne Franche-Comt\u00e9<\/a><\/strong><\/p>\n\n\n\n<p><strong>TRANSITION \u00c9COLOGIQUE \u2013 MESSAGE DE Pascal GRIZOT AUX LICENCI\u00c9S<\/strong><\/p>\n\n\n\n<p>l\u2019info \u00e0 destination des licenci\u00e9s suite \u00e0 la p\u00e9riode v\u00e9cue cet \u00e9t\u00e9 et les enjeux \u00e0 venir et les derni\u00e8res informations pour le quotidien des golfs.<\/p>\n\n\n\n<p><strong><a href=\"https:\/\/www.ffgolf.org\/Actus\/Federation\/Transition-ecologique-Message-de-Pascal-Grizot-aux-licencies?sc_src=email_8493730&amp;sc_lid=543019634&amp;sc_uid=rjCFK7CDCM&amp;sc_llid=3&amp;sc_eh=8909e531d54ae5d81\" target=\"_blank\" rel=\"noreferrer noopener\">Lire ici<\/a><\/strong><\/p>\n\n\n\n<h2 class=\"wp-block-heading has-vivid-green-cyan-background-color has-background\">Le Golf de Dijon-Bourgogne obtient son label Bronze<\/h2>\n\n\n\n<p><strong>La ligue f\u00e9licite le Golf de Norges.<\/strong> <strong>La FFG lui a d\u00e9cern\u00e9 le label Bronze \u00ab Golf pour la Biodiversit\u00e9.<\/strong> Ce label t\u00e9moigne de l\u2019engagement volontaire de son club pour am\u00e9liorer la connaissance, la pr\u00e9servation et la valorisation du patrimoine naturel pr\u00e9sent sur son golf\u00a0\u00bb. Tr\u00e8s fier d\u2019\u00eatre le premier club en BFC \u00e0 obtenir ce label.&nbsp;\u00ab&nbsp;C&rsquo;est pour nous un honneur et une fiert\u00e9, fruit d&rsquo;un travail vertueux depuis de nombreuses ann\u00e9es. Bravo \u00e0 toute l&rsquo;\u00e9quipe terrain encadr\u00e9e par Olivier&nbsp;\u00bb.<\/p>\n\n\n\n<p><\/p>\n\n\n\n<h2 class=\"wp-block-heading\">La biodiversit\u00e9 au c\u0153ur des projets des golfs<\/h2>\n\n\n\n<figure class=\"wp-block-image size-large\"><img loading=\"lazy\" decoding=\"async\" width=\"727\" height=\"1024\" src=\"https:\/\/liguegolfbfc.org\/wp-content\/uploads\/2022\/03\/7520-affiche-a0-ffgolf-imprimeur-10-Gestes-de-lEcol-Golfeur-1-727x1024.jpg\" alt=\"\" class=\"wp-image-8316\" srcset=\"https:\/\/liguegolfbfc.org\/wp-content\/uploads\/2022\/03\/7520-affiche-a0-ffgolf-imprimeur-10-Gestes-de-lEcol-Golfeur-1-727x1024.jpg 727w, https:\/\/liguegolfbfc.org\/wp-content\/uploads\/2022\/03\/7520-affiche-a0-ffgolf-imprimeur-10-Gestes-de-lEcol-Golfeur-1-213x300.jpg 213w, https:\/\/liguegolfbfc.org\/wp-content\/uploads\/2022\/03\/7520-affiche-a0-ffgolf-imprimeur-10-Gestes-de-lEcol-Golfeur-1-768x1082.jpg 768w, https:\/\/liguegolfbfc.org\/wp-content\/uploads\/2022\/03\/7520-affiche-a0-ffgolf-imprimeur-10-Gestes-de-lEcol-Golfeur-1-1090x1536.jpg 1090w, https:\/\/liguegolfbfc.org\/wp-content\/uploads\/2022\/03\/7520-affiche-a0-ffgolf-imprimeur-10-Gestes-de-lEcol-Golfeur-1.jpg 1200w\" sizes=\"auto, (max-width: 727px) 100vw, 727px\" \/><\/figure>\n\n\n\n<p><a href=\"https:\/\/www.ffgolf.org\/Transition-ecologique\/Etre-eco-golfeur\">Etre \u00e9co-golfeur &#8211; F\u00e9d\u00e9ration Fran\u00e7aise de Golf (ffgolf.org)<\/a><\/p>\n\n\n\n<p><\/p>\n\n\n\n<h2 class=\"wp-block-heading\">La biodiversit\u00e9, qu\u2019est-ce que c\u2019est ?<\/h2>\n\n\n\n<p>La biodiversit\u00e9 c\u2019est le tissu vivant de notre plan\u00e8te, dont nous faisons partie. Elle est au c\u0153ur de nos vies. D\u00e9couvrez la biodiversit\u00e9, son importance dans notre quotidien, et les informations cl\u00e9s de la biodiversit\u00e9 en France. D\u00e9couvrez \u00e9galement les grands enjeux qui p\u00e8sent sur la biodiversit\u00e9, et qui nous concernent tous : \u00e9rosion de la biodiversit\u00e9, changement climatique\u2026<\/p>\n\n\n\n<h3 class=\"wp-block-heading\">Trois niveaux interd\u00e9pendants, indispensables \u00e0 la vie<\/h3>\n\n\n\n<p>L\u2019usage du mot biodiversit\u00e9, contraction de biologique et diversit\u00e9, est relativement r\u00e9cent mais la biodiversit\u00e9 est tr\u00e8s ancienne. La diversit\u00e9 biologique actuelle vient de la longue et lente \u00e9volution du monde vivant sur la plan\u00e8te, depuis les premiers organismes vivants connus il y a 3,5 milliards d\u2019ann\u00e9es.<\/p>\n\n\n\n<p>La biodiversit\u00e9, c&rsquo;est le tissu vivant de notre plan\u00e8te. Cela recouvre l\u2019ensemble des milieux naturels et des formes de vie (plantes, animaux, champignons, bact\u00e9ries, etc.) et leurs interactions. Elle comprend trois niveaux interd\u00e9pendants :<\/p>\n\n\n\n<ul class=\"wp-block-list\">\n<li>la diversit\u00e9 des milieux de vie \u00e0 toutes les \u00e9chelles : des oc\u00e9ans, prairies, for\u00eats\u2026 au contenu des cellules (pensons aux parasites qui peuvent y vivre) en passant par la mare du fond de son jardin, ou les espaces v\u00e9g\u00e9talis\u00e9s en ville ;<\/li>\n\n\n\n<li>la diversit\u00e9 des esp\u00e8ces (y compris l\u2019esp\u00e8ce humaine) qui vivent dans ces milieux ;<\/li>\n\n\n\n<li>la diversit\u00e9 g\u00e9n\u00e9tique des individus au sein de chaque esp\u00e8ce : autrement dit, nous sommes tous diff\u00e9rents !<\/li>\n<\/ul>\n\n\n\n<h3 class=\"wp-block-heading\">La biodiversit\u00e9 est au c\u0153ur de nos vies<\/h3>\n\n\n\n<p>La biodiversit\u00e9 offre des biens irrempla\u00e7ables et indispensables \u00e0 notre quotidien. L\u2019oxyg\u00e8ne que nous respirons, notre nourriture et l\u2019eau que nous consommons, les m\u00e9dicaments ou encore de nombreuses mati\u00e8res premi\u00e8res qui nous servent \u00e0 nous loger ou nous v\u00eatir (bois, fibres telles que laine, coton, chanvre\u2026) : tout cela nous vient de la nature.<\/p>\n\n\n\n<p>Lorsqu\u2019ils sont en bonne sant\u00e9, les milieux naturels et les esp\u00e8ces nous rendent aussi des services inestimables, par exemple :<\/p>\n\n\n\n<ul class=\"wp-block-list\">\n<li>les tourbi\u00e8res, les for\u00eats ou encore les oc\u00e9ans s\u00e9questrent le carbone et contribuent ainsi \u00e0 lutter contre le changement climatique ;<\/li>\n\n\n\n<li>pollinisation, fertilit\u00e9 des sols\u2026 certaines esp\u00e8ces, notamment les insectes, nous permettent d\u2019avoir des fruits et l\u00e9gumes dans nos assiettes ;<\/li>\n\n\n\n<li>les v\u00e9g\u00e9taux, en particulier dans les milieux humides, contribuent \u00e0 une \u00e9puration naturelle de l\u2019eau ;<\/li>\n\n\n\n<li>les milieux humides prot\u00e8gent le littoral contre l&rsquo;\u00e9rosion, et att\u00e9nuent l&rsquo;intensit\u00e9 des risques naturels comme les crues et les inondations ;<\/li>\n\n\n\n<li>les milieux naturels et les espaces v\u00e9g\u00e9talis\u00e9s dans les villes structurent nos paysages et sont indispensables \u00e0 notre bien-\u00eatre.<\/li>\n<\/ul>\n\n\n\n<p>Source : <a href=\"https:\/\/www.ecologie.gouv.fr\/biodiversite-presentation-et-informations-cles\" target=\"_blank\" rel=\"noreferrer noopener\">Minist\u00e8re de la transition \u00e9cologique<\/a> <\/p>\n\n\n\n<figure class=\"wp-block-embed is-type-video is-provider-youtube wp-block-embed-youtube wp-embed-aspect-16-9 wp-has-aspect-ratio\"><div class=\"wp-block-embed__wrapper\">\n<iframe loading=\"lazy\" title=\"Entretien de golf (n\u00b05) : la biodiversit\u00e9\" width=\"793\" height=\"446\" src=\"https:\/\/www.youtube.com\/embed\/to94YESREZE?feature=oembed\" frameborder=\"0\" allow=\"accelerometer; autoplay; clipboard-write; encrypted-media; gyroscope; picture-in-picture; web-share\" referrerpolicy=\"strict-origin-when-cross-origin\" allowfullscreen><\/iframe>\n<\/div><\/figure>\n\n\n\n<h2 class=\"wp-block-heading\">En Bourgogne Franche-Comt\u00e9<\/h2>\n\n\n\n<p><strong>Article du Bien public du 23 octobre 2021<\/strong><br><em>Le 11&nbsp;octobre 2021, un bureau d\u2019\u00e9tudes sp\u00e9cialis\u00e9 dans la biodiversit\u00e9 ayant proc\u00e9d\u00e9 \u00e0 l\u2019\u00e9tat des lieux des 60 hectares du golf de Norges-la-Ville a fait sa restitution.<br>Le lieu sera tr\u00e8s prochainement \u00ab&nbsp;le premier de Bourgogne-Franche-Comt\u00e9 \u00e0 recevoir, de la commission de transition \u00e9nerg\u00e9tique de la F\u00e9d\u00e9ration, le label bronze \u201cGolf pour la biodiversit\u00e9\u201d&nbsp;\u00bb, assure Claude Schatz, pr\u00e9sident de la ligue de golf pour la r\u00e9gion. Depuis 2007, la F\u00e9d\u00e9ration fran\u00e7aise de golf, en partenariat avec le Mus\u00e9um d\u2019histoire naturelle, a mis en place un syst\u00e8me de labellisation des golfs destin\u00e9 \u00e0 les inciter \u00e0 s\u2019engager dans la pr\u00e9servation des \u00e9cosyst\u00e8mes. Trois niveaux sanctionnent les efforts des responsables&nbsp;:<\/em><\/p>\n\n\n\n<p><em><strong>le label bronze<\/strong>, octroy\u00e9 apr\u00e8s un \u00e9tat des lieux prouvant la connaissance de la faune et de la flore h\u00e9berg\u00e9es sur site&nbsp;<br><strong>le label argent<\/strong>, correspondant \u00e0 des connaissances approfondies et des actions engag\u00e9es pour la biodiversit\u00e9<br><strong>le label or<\/strong>, obtenu par un r\u00e9el partage de ses exp\u00e9riences avec les autres golfs et services sp\u00e9cialis\u00e9s.<\/em><\/p>\n\n\n\n<h2 class=\"wp-block-heading has-text-align-center\"><a href=\"https:\/\/www.ffgolf.org\/Transition-ecologique\" target=\"_blank\" rel=\"noreferrer noopener\">Label golf pour la biodiversit\u00e9<\/a><\/h2>\n\n\n\n<blockquote class=\"wp-block-quote is-layout-flow wp-block-quote-is-layout-flow\">\n<p>Lien vers la carte des golfs labellis\u00e9s &gt;&gt;&gt; <a rel=\"noreferrer noopener\" href=\"https:\/\/guidegolfs.ffgolf.org\/map\/fr\/golfs-labels-bio\" target=\"_blank\">https:\/\/guidegolfs.ffgolf.org\/map\/fr\/golfs-labels-bio<\/a><\/p>\n<\/blockquote>\n\n\n\n<p><\/p>\n","protected":false},"excerpt":{"rendered":"<p>Une premi\u00e8re journ\u00e9e r\u00e9gionale tourn\u00e9e vers l\u2019avenir Le\u00a0lundi 6 octobre 2025, le Golf de Dijon Norges a accueilli la\u00a0premi\u00e8re journ\u00e9e r\u00e9gionale d\u00e9di\u00e9e \u00e0 la transition \u00e9cologique du golf, initi\u00e9e par la ffgolf.La\u00a0Ligue Bourgogne-Franche-Comt\u00e9 de Golf\u00a0a particip\u00e9 activement \u00e0 cette rencontre, aux c\u00f4t\u00e9s des clubs du territoire, pour r\u00e9fl\u00e9chir collectivement aux\u00a0solutions durables pour l\u2019avenir du golf. [&hellip;]<\/p>\n","protected":false},"author":2,"featured_media":0,"parent":0,"menu_order":0,"comment_status":"closed","ping_status":"closed","template":"","meta":{"footnotes":""},"class_list":["post-8279","page","type-page","status-publish","hentry"],"jetpack_sharing_enabled":true,"_links":{"self":[{"href":"https:\/\/liguegolfbfc.org\/index.php\/wp-json\/wp\/v2\/pages\/8279","targetHints":{"allow":["GET"]}}],"collection":[{"href":"https:\/\/liguegolfbfc.org\/index.php\/wp-json\/wp\/v2\/pages"}],"about":[{"href":"https:\/\/liguegolfbfc.org\/index.php\/wp-json\/wp\/v2\/types\/page"}],"author":[{"embeddable":true,"href":"https:\/\/liguegolfbfc.org\/index.php\/wp-json\/wp\/v2\/users\/2"}],"replies":[{"embeddable":true,"href":"https:\/\/liguegolfbfc.org\/index.php\/wp-json\/wp\/v2\/comments?post=8279"}],"version-history":[{"count":17,"href":"https:\/\/liguegolfbfc.org\/index.php\/wp-json\/wp\/v2\/pages\/8279\/revisions"}],"predecessor-version":[{"id":19140,"href":"https:\/\/liguegolfbfc.org\/index.php\/wp-json\/wp\/v2\/pages\/8279\/revisions\/19140"}],"wp:attachment":[{"href":"https:\/\/liguegolfbfc.org\/index.php\/wp-json\/wp\/v2\/media?parent=8279"}],"curies":[{"name":"wp","href":"https:\/\/api.w.org\/{rel}","templated":true}]}}