{"id":81,"date":"2020-03-10T08:17:47","date_gmt":"2020-03-10T07:17:47","guid":{"rendered":"http:\/\/liguegolfbfc.org\/?page_id=81"},"modified":"2026-03-13T17:16:25","modified_gmt":"2026-03-13T16:16:25","slug":"messieurs-seniors-competition-federale","status":"publish","type":"page","link":"https:\/\/liguegolfbfc.org\/index.php\/messieurs-seniors-competition-federale\/","title":{"rendered":"MESSIEURS S\u00c9NIORS | COMP\u00c9TITIONS F\u00c9D\u00c9RALES ET INTERNATIONALES"},"content":{"rendered":"\n<hr class=\"wp-block-separator has-alpha-channel-opacity\"\/>\n\n\n\n<h2 class=\"wp-block-heading\">CHAMPIONNAT DE FRANCE PAR \u00c9QUIPE SENIORS MESSIEURS<\/h2>\n\n\n\n<h2 class=\"wp-block-heading\">Seniors 2 Messieurs <\/h2>\n\n\n\n<p><strong>2\u00e8me DIVISION POULE A<\/strong><br>14 au 17 mai 2026 | Golf de Dieppe<br><strong>\u00c9quipe BFC engag\u00e9e <\/strong>: Avoise<\/p>\n\n\n\n<hr class=\"wp-block-separator has-alpha-channel-opacity\"\/>\n\n\n\n<p><strong>3\u00e8me DIVISION POULE A<\/strong><br>15 au 17 mai 2026 | Golf de Prunevelle<br><strong>\u00c9quipes BFC engag\u00e9es <\/strong>: Prunevelle &#8211; Val de Sorne<\/p>\n\n\n\n<hr class=\"wp-block-separator has-alpha-channel-opacity\"\/>\n\n\n\n<h2 class=\"wp-block-heading\">Promotion Seniors 2 Messieurs <\/h2>\n\n\n\n<p>15 au 17 mai 2026 Golf de Chalons en Champagne<br>\u00a0<br>Vous trouverez via le lien suivant la liste officielle de la promotion qui se d\u00e9roulera \u00e0 Chalons en Champagne : <a href=\"https:\/\/www.ffgolf.org\/golf-amateur\/seniors\/calendrier-resultats\/national-international\/2026\/championnat-de-france-par-equipes-seniors-2-messieurs-promotion-b\/inscrits\">https:\/\/www.ffgolf.org\/golf-amateur\/seniors\/calendrier-resultats\/national-international\/2026\/championnat-de-france-par-equipes-seniors-2-messieurs-promotion-b\/inscrits<\/a><br>\u00a0<\/p>\n\n\n\n<hr class=\"wp-block-separator has-alpha-channel-opacity\"\/>\n\n\n\n<h2 class=\"wp-block-heading\">Seniors Messieurs <\/h2>\n\n\n\n<p><strong>4\u00e8me DIVISION POULE F<\/strong><br>17 au 20 septembre 2026 | Golf de la Grange aux Ormes<br><strong>\u00c9quipes BFC engag\u00e9es <\/strong>: Besan\u00e7on &#8211; Chailly &#8211; Chassagne &#8211; Prunevelle &#8211; Roncemay &#8211; Val d&rsquo;Amour &#8211; Vosges du Sud<\/p>\n\n\n\n<hr class=\"wp-block-separator has-alpha-channel-opacity\"\/>\n\n\n\n<p><strong>2\u00e8me DIVISION POULE B<\/strong><br>19 au 20 Septembre 2026 | Golf de Quetigny <br><strong>\u00c9quipe BFC engag\u00e9e <\/strong>: Dijon Bourgogne<\/p>\n\n\n\n<hr class=\"wp-block-separator has-alpha-channel-opacity\"\/>\n\n\n\n<p><strong>4\u00e8me DIVISION POULE B<\/strong><br>19 au 20 Septembre 2026 | Golf de Montpensier<br><strong>\u00c9quipe BFC engag\u00e9e <\/strong>: Nivernais<\/p>\n\n\n\n<hr class=\"wp-block-separator has-alpha-channel-opacity\"\/>\n\n\n\n<h2 class=\"wp-block-heading\">PROMOTIONS SENIORS MESSIEURS<\/h2>\n\n\n\n<p><strong>19-20 septembre 2026 | Golf des Vosges du sud<\/strong><\/p>\n\n\n\n<hr class=\"wp-block-separator has-alpha-channel-opacity\"\/>\n\n\n\n<h2 class=\"wp-block-heading\">R\u00c9SULTATS 2025<\/h2>\n\n\n\n<p><strong>3\u00e8me DIVISION POULE D<\/strong><br>25-28 septembre 2025 | Golf de Charmeil<br><strong>Equipes BFC engag\u00e9es <\/strong>: Chailly I Besan\u00e7on I Dijon-Bourgogne I Nivernais I Prunevelle<\/p>\n\n\n\n<p><strong>Dijon Bourgogne<\/strong> <strong>monte en 2e division<\/strong><br>Besan\u00e7on, Chailly, Nivernais et Prunevelle <strong>descendent en 4e division<\/strong><\/p>\n\n\n\n<figure class=\"wp-block-gallery has-nested-images columns-default is-cropped wp-block-gallery-1 is-layout-flex wp-block-gallery-is-layout-flex\">\n<figure class=\"wp-block-image size-large\"><img loading=\"lazy\" decoding=\"async\" width=\"1024\" height=\"704\" data-id=\"18954\" src=\"https:\/\/liguegolfbfc.org\/wp-content\/uploads\/2025\/09\/Dijon-Bourgogne-monte-en-2e-division-1024x704.jpg\" alt=\"\" class=\"wp-image-18954\" srcset=\"https:\/\/liguegolfbfc.org\/wp-content\/uploads\/2025\/09\/Dijon-Bourgogne-monte-en-2e-division-1024x704.jpg 1024w, https:\/\/liguegolfbfc.org\/wp-content\/uploads\/2025\/09\/Dijon-Bourgogne-monte-en-2e-division-300x206.jpg 300w, https:\/\/liguegolfbfc.org\/wp-content\/uploads\/2025\/09\/Dijon-Bourgogne-monte-en-2e-division-768x528.jpg 768w, https:\/\/liguegolfbfc.org\/wp-content\/uploads\/2025\/09\/Dijon-Bourgogne-monte-en-2e-division.jpg 1145w\" sizes=\"auto, (max-width: 1024px) 100vw, 1024px\" \/><\/figure>\n<\/figure>\n\n\n\n<p><strong><a href=\"https:\/\/www.ffgolf.org\/golf-amateur\/seniors\/calendrier-resultats\/national-international\/2025\">R\u00e9sultats<\/a><\/strong><\/p>\n\n\n\n<hr class=\"wp-block-separator has-alpha-channel-opacity\"\/>\n\n\n\n<p><strong>4\u00e8me DIVISION POULE D<\/strong><br>25-28 septembre 2025 | Golf du Val de Sorne<br><strong>Equipes BFC engag\u00e9es <\/strong>: Avoise I Quetigny I Val de Sorne <strong>descendent en promotion<\/strong><\/p>\n\n\n\n<p><strong><a href=\"https:\/\/www.ffgolf.org\/golf-amateur\/seniors\/calendrier-resultats\/national-international\/2025\">R\u00e9sultats<\/a><\/strong><\/p>\n\n\n\n<hr class=\"wp-block-separator has-alpha-channel-opacity\"\/>\n\n\n\n<p><strong>4\u00e8me DIVISION POULE F<\/strong><\/p>\n\n\n\n<p>25-28 septembre 2025 | Golf de Metz Cherisey<br><strong>\u00c9quipes BFC engag\u00e9es <\/strong>: Rougemont I Vosges du sud I Bournel I Roncemay<br><strong>Vosges du Sud et Roncemay se maintiennent<\/strong><br>Bournel et Rougemont<strong> descendent en promotion<\/strong><\/p>\n\n\n\n<p><strong><a href=\"https:\/\/www.ffgolf.org\/golf-amateur\/seniors\/calendrier-resultats\/national-international\/2025\">R\u00e9sultats<\/a><\/strong><\/p>\n\n\n\n<hr class=\"wp-block-separator has-alpha-channel-opacity\"\/>\n\n\n\n<h2 class=\"wp-block-heading\">PROMOTIONS SENIORS MESSIEURS<\/h2>\n\n\n\n<p><strong>27 et 28 septembre | Golf de Sarrebourg<\/strong><br><strong>La Chassagne et Val d&rsquo;Amour montent en 4e division<\/strong><br>l<a href=\"https:\/\/padlet.com\/danielscuri\/promotion-inter-r-gions-s-niors-gdgm9yiig6zel0la\" target=\"_blank\" rel=\"noreferrer noopener\">e lien pour acc\u00e9der au Padlet<\/a> (tableau virtuel de l\u2019\u00e9preuve)<\/p>\n\n\n\n<div class=\"wp-block-columns is-layout-flex wp-container-core-columns-is-layout-9d6595d7 wp-block-columns-is-layout-flex\">\n<div class=\"wp-block-column is-layout-flow wp-block-column-is-layout-flow\">\n<figure class=\"wp-block-gallery has-nested-images columns-default is-cropped wp-block-gallery-2 is-layout-flex wp-block-gallery-is-layout-flex\">\n<figure class=\"wp-block-image size-large\"><img loading=\"lazy\" decoding=\"async\" width=\"1024\" height=\"768\" data-id=\"18949\" src=\"https:\/\/liguegolfbfc.org\/wp-content\/uploads\/2025\/09\/Chassagne-monte-en-4e-division-1024x768.jpg\" alt=\"\" class=\"wp-image-18949\" srcset=\"https:\/\/liguegolfbfc.org\/wp-content\/uploads\/2025\/09\/Chassagne-monte-en-4e-division-1024x768.jpg 1024w, https:\/\/liguegolfbfc.org\/wp-content\/uploads\/2025\/09\/Chassagne-monte-en-4e-division-300x225.jpg 300w, https:\/\/liguegolfbfc.org\/wp-content\/uploads\/2025\/09\/Chassagne-monte-en-4e-division-768x576.jpg 768w, https:\/\/liguegolfbfc.org\/wp-content\/uploads\/2025\/09\/Chassagne-monte-en-4e-division.jpg 1038w\" sizes=\"auto, (max-width: 1024px) 100vw, 1024px\" \/><\/figure>\n<\/figure>\n\n\n\n<p>La Chassagne <\/p>\n<\/div>\n\n\n\n<div class=\"wp-block-column is-layout-flow wp-block-column-is-layout-flow\">\n<figure class=\"wp-block-gallery has-nested-images columns-default is-cropped wp-block-gallery-3 is-layout-flex wp-block-gallery-is-layout-flex\">\n<figure class=\"wp-block-image size-large\"><img loading=\"lazy\" decoding=\"async\" width=\"1024\" height=\"577\" data-id=\"18974\" src=\"https:\/\/liguegolfbfc.org\/wp-content\/uploads\/2025\/09\/Val-dAmour-4e-DIVISION-1024x577.jpg\" alt=\"\" class=\"wp-image-18974\" srcset=\"https:\/\/liguegolfbfc.org\/wp-content\/uploads\/2025\/09\/Val-dAmour-4e-DIVISION-1024x577.jpg 1024w, https:\/\/liguegolfbfc.org\/wp-content\/uploads\/2025\/09\/Val-dAmour-4e-DIVISION-300x169.jpg 300w, https:\/\/liguegolfbfc.org\/wp-content\/uploads\/2025\/09\/Val-dAmour-4e-DIVISION-768x432.jpg 768w, https:\/\/liguegolfbfc.org\/wp-content\/uploads\/2025\/09\/Val-dAmour-4e-DIVISION-1536x865.jpg 1536w, https:\/\/liguegolfbfc.org\/wp-content\/uploads\/2025\/09\/Val-dAmour-4e-DIVISION.jpg 2048w\" sizes=\"auto, (max-width: 1024px) 100vw, 1024px\" \/><\/figure>\n<\/figure>\n<\/div>\n<\/div>\n\n\n\n<hr class=\"wp-block-separator has-alpha-channel-opacity\"\/>\n\n\n\n<h2 class=\"wp-block-heading\">CHAMPIONNAT DE FRANCE SENIORS 2 MESSIEURS PAR EQUIPE<\/h2>\n\n\n\n<p><strong>DEUXIEME DIVISION <\/strong> <\/p>\n\n\n\n<p>8 au 11 mai | Golf du Ch\u00e2teau d&rsquo;Avoise<br><strong>\u00c9quipes engag\u00e9e<\/strong>s : Avoise se maintient et Val de Sorne descend en 3e division<br><strong><a rel=\"noreferrer noopener\" href=\"https:\/\/www.ffgolf.org\/golf-amateur\/seniors\/calendrier-resultats\/national-international\/2025\/championnat-de-france-par-equipes-seniors-2-2eme-division-b\/page-scores-tournoi\" target=\"_blank\">R\u00e9sultats<\/a><\/strong><\/p>\n\n\n\n<div class=\"wp-block-group is-content-justification-center is-nowrap is-layout-flex wp-container-core-group-is-layout-94bc23d7 wp-block-group-is-layout-flex\">\n<figure class=\"wp-block-image size-large is-resized\"><img loading=\"lazy\" decoding=\"async\" width=\"736\" height=\"1024\" src=\"https:\/\/liguegolfbfc.org\/wp-content\/uploads\/2025\/05\/Capture-decran-2025-05-14-a-10.06.03-736x1024.png\" alt=\"\" class=\"wp-image-17853\" style=\"width:250px\" srcset=\"https:\/\/liguegolfbfc.org\/wp-content\/uploads\/2025\/05\/Capture-decran-2025-05-14-a-10.06.03-736x1024.png 736w, https:\/\/liguegolfbfc.org\/wp-content\/uploads\/2025\/05\/Capture-decran-2025-05-14-a-10.06.03-216x300.png 216w, https:\/\/liguegolfbfc.org\/wp-content\/uploads\/2025\/05\/Capture-decran-2025-05-14-a-10.06.03-768x1069.png 768w, https:\/\/liguegolfbfc.org\/wp-content\/uploads\/2025\/05\/Capture-decran-2025-05-14-a-10.06.03.png 894w\" sizes=\"auto, (max-width: 736px) 100vw, 736px\" \/><\/figure>\n\n\n\n<figure class=\"wp-block-image size-large is-resized\"><img loading=\"lazy\" decoding=\"async\" width=\"736\" height=\"1024\" src=\"https:\/\/liguegolfbfc.org\/wp-content\/uploads\/2025\/05\/Capture-decran-2025-05-14-a-10.06.12-736x1024.png\" alt=\"\" class=\"wp-image-17855\" style=\"width:250px\" srcset=\"https:\/\/liguegolfbfc.org\/wp-content\/uploads\/2025\/05\/Capture-decran-2025-05-14-a-10.06.12-736x1024.png 736w, https:\/\/liguegolfbfc.org\/wp-content\/uploads\/2025\/05\/Capture-decran-2025-05-14-a-10.06.12-216x300.png 216w, https:\/\/liguegolfbfc.org\/wp-content\/uploads\/2025\/05\/Capture-decran-2025-05-14-a-10.06.12-768x1069.png 768w, https:\/\/liguegolfbfc.org\/wp-content\/uploads\/2025\/05\/Capture-decran-2025-05-14-a-10.06.12.png 894w\" sizes=\"auto, (max-width: 736px) 100vw, 736px\" \/><\/figure>\n<\/div>\n\n\n\n<hr class=\"wp-block-separator has-alpha-channel-opacity\"\/>\n\n\n\n<h2 class=\"wp-block-heading\">CHAMPIONNAT DE FRANCE SENIORS 2 MESSIEURS PAR EQUIPE<\/h2>\n\n\n\n<p><strong>TROISIEME DIVISION POULE A<\/strong><\/p>\n\n\n\n<p>9 -11 mai 2025 | Golf de Combles-en-Barrois<\/p>\n\n\n\n<p><strong>\u00c9quipes engag\u00e9e<\/strong>s : Prunevelle se maintient et Quetigny descend 4e division<\/p>\n\n\n\n<p><strong><a href=\"https:\/\/www.ffgolf.org\/golf-amateur\/seniors\/calendrier-resultats\/national-international\/2025\/championnat-de-france-par-equipes-seniors-2-3eme-division-a\/page-scores-tournoi\">Infos et r\u00e9sultats<\/a>&nbsp;|<\/strong> <\/p>\n\n\n\n<hr class=\"wp-block-separator has-alpha-channel-opacity\"\/>\n\n\n\n<h2 class=\"wp-block-heading\">CHAMPIONNAT DE FRANCE SENIORS 3 MESSIEURS PAR EQUIPE<\/h2>\n\n\n\n<p><strong>PREMIERE DIVISION<\/strong><\/p>\n\n\n\n<p>10 au 14 juin | Golf du Haute Auvergne<br><strong>\u00c9quipe engag\u00e9e<\/strong> : Besan\u00e7on (forfait)<br><strong><a href=\"https:\/\/www.ffgolf.org\/golf-amateur\/seniors\/calendrier-resultats\/national-international\/2025\/championnat-de-france-par-equipes-seniors-3-messieurs-division-1\/page-scores-tournoi\">D\u00e9tail du tournoi<\/a><\/strong> <\/p>\n\n\n\n<p class=\"has-text-align-left\">2\u00e8me Division<strong> <\/strong>&#8211; 11 au 13 juin | Golf du Val de L&rsquo;Indre<br><strong>\u00c9quipe engag\u00e9e<\/strong> : Val de Sorne (forfait)<br><strong><a rel=\"noreferrer noopener\" href=\"https:\/\/www.ffgolf.org\/golf-amateur\/seniors\/calendrier-resultats\/national-international\/2025\/championnat-de-france-par-equipes-seniors-3-messieurs-division-2\/page-scores-tournoi\" target=\"_blank\">D\u00e9tail du tournoi<\/a><\/strong><\/p>\n\n\n\n<hr class=\"wp-block-separator has-alpha-channel-opacity\"\/>\n\n\n\n<h2 class=\"wp-block-heading\">PROMOTION A &#8211; SENIORS 3 MESSIEURS PAR EQUIPE<\/h2>\n\n\n\n<p>11 au 13 juin | Golf de la Cordeli\u00e8re<br>Equipes engag\u00e9es : Dijon Bourgogne et Senonais<br><strong><a href=\"http:\/\/10 au 14 juin | Golf du Haute Auvergne\">Infos et r\u00e9sultats <\/a><\/strong><\/p>\n\n\n\n<hr class=\"wp-block-separator has-alpha-channel-opacity\"\/>\n\n\n\n<h2 class=\"wp-block-heading\">PROMOTION B &#8211; SENIORS 3 MESSIEURS PAR EQUIPE<\/h2>\n\n\n\n<p>11 au 13 juin | Golf de la Cordeli\u00e8re<br>Equipes engag\u00e9es : Avoise &#8211; Autun &#8211; Chalon s\/Sa\u00f4ne &#8211; Prunevelle &#8211; Quetigny &#8211; Val d&rsquo;Amour <\/p>\n\n\n\n<p><strong><a href=\"https:\/\/www.ffgolf.org\/golf-amateur\/seniors\/calendrier-resultats\/national-international\/2025\/championnat-de-france-par-equipes-seniors-3-messieurs-promotion-b\/page-scores-tournoi\" target=\"_blank\" rel=\"noreferrer noopener\">Infos et r\u00e9sultats<\/a><\/strong><\/p>\n\n\n\n<hr class=\"wp-block-separator has-alpha-channel-opacity\"\/>\n\n\n\n<p><\/p>\n","protected":false},"excerpt":{"rendered":"<p>CHAMPIONNAT DE FRANCE PAR \u00c9QUIPE SENIORS MESSIEURS Seniors 2 Messieurs 2\u00e8me DIVISION POULE A14 au 17 mai 2026 | Golf de Dieppe\u00c9quipe BFC engag\u00e9e : Avoise 3\u00e8me DIVISION POULE A15 au 17 mai 2026 | Golf de Prunevelle\u00c9quipes BFC engag\u00e9es : Prunevelle &#8211; Val de Sorne Promotion Seniors 2 Messieurs 15 au 17 mai 2026 [&hellip;]<\/p>\n","protected":false},"author":1,"featured_media":0,"parent":0,"menu_order":0,"comment_status":"closed","ping_status":"closed","template":"page-templates\/page-full-width.php","meta":{"footnotes":""},"class_list":["post-81","page","type-page","status-publish","hentry"],"jetpack_sharing_enabled":true,"_links":{"self":[{"href":"https:\/\/liguegolfbfc.org\/index.php\/wp-json\/wp\/v2\/pages\/81","targetHints":{"allow":["GET"]}}],"collection":[{"href":"https:\/\/liguegolfbfc.org\/index.php\/wp-json\/wp\/v2\/pages"}],"about":[{"href":"https:\/\/liguegolfbfc.org\/index.php\/wp-json\/wp\/v2\/types\/page"}],"author":[{"embeddable":true,"href":"https:\/\/liguegolfbfc.org\/index.php\/wp-json\/wp\/v2\/users\/1"}],"replies":[{"embeddable":true,"href":"https:\/\/liguegolfbfc.org\/index.php\/wp-json\/wp\/v2\/comments?post=81"}],"version-history":[{"count":240,"href":"https:\/\/liguegolfbfc.org\/index.php\/wp-json\/wp\/v2\/pages\/81\/revisions"}],"predecessor-version":[{"id":19676,"href":"https:\/\/liguegolfbfc.org\/index.php\/wp-json\/wp\/v2\/pages\/81\/revisions\/19676"}],"wp:attachment":[{"href":"https:\/\/liguegolfbfc.org\/index.php\/wp-json\/wp\/v2\/media?parent=81"}],"curies":[{"name":"wp","href":"https:\/\/api.w.org\/{rel}","templated":true}]}}