{"id":71,"date":"2020-03-10T08:15:44","date_gmt":"2020-03-10T07:15:44","guid":{"rendered":"http:\/\/liguegolfbfc.org\/?page_id=71"},"modified":"2026-02-04T21:28:18","modified_gmt":"2026-02-04T20:28:18","slug":"messieurs-competition-federale","status":"publish","type":"page","link":"https:\/\/liguegolfbfc.org\/index.php\/messieurs-competition-federale\/","title":{"rendered":"MESSIEURS | COMP\u00c9TITION F\u00c9D\u00c9RALE"},"content":{"rendered":"\n<h2 class=\"wp-block-heading\">CHAMPIONNAT DE FRANCE MESSIEURS PAR EQUIPE<\/h2>\n\n\n\n<h2 class=\"wp-block-heading\"><strong>PROMOTION INTERR\u00c9GIONALE<\/strong><\/h2>\n\n\n\n<p>30-31 mai 2026 | Golf de RONCEMAY<\/p>\n\n\n\n<hr class=\"wp-block-separator has-alpha-channel-opacity\"\/>\n\n\n\n<h2 class=\"wp-block-heading\">3\u00e8me division Poule D<\/h2>\n\n\n\n<p>28 au 31 mai 2026 | Golf de Valcros<br>Equipe BFC engag\u00e9e : Dijon Bourgogne<\/p>\n\n\n\n<hr class=\"wp-block-separator has-alpha-channel-opacity\"\/>\n\n\n\n<h2 class=\"wp-block-heading\">4\u00e8me division Poule D<\/h2>\n\n\n\n<p>28 au 31 mai 2026 | Golf des Chanalets<br>Equipe BFC engag\u00e9es : La Chassagne &#8211; Chalon &#8211; Pontarlier &#8211; Val de Sorne<\/p>\n\n\n\n<hr class=\"wp-block-separator has-alpha-channel-opacity\"\/>\n\n\n\n<h2 class=\"wp-block-heading\">4\u00e8me division Poule F<\/h2>\n\n\n\n<p>28 au 31 mai 2026 | Golf de Faulquemont<br>Equipe BFC engag\u00e9e : Vosges du Sud<\/p>\n\n\n\n<hr class=\"wp-block-separator has-alpha-channel-opacity\"\/>\n\n\n\n<h2 class=\"wp-block-heading\">\u00c9QUIPE 2 Messieurs<\/h2>\n\n\n\n<p>29 au 31 mai 2026  | Golf de la Sorelle<br>\u00c9quipe BFC engag\u00e9e : Chalon sur Sa\u00f4ne<\/p>\n\n\n\n<hr class=\"wp-block-separator has-alpha-channel-opacity\"\/>\n\n\n\n<h2 class=\"wp-block-heading\">R\u00c9SULTATS 2025<br><strong>PROMOTION INTERR\u00c9GIONALE<\/strong><\/h2>\n\n\n\n<p>24-25 mai 2025 | Golf de SOUFFLENHEIM<br><strong>Les \u00e9quipes BFC engag\u00e9es<\/strong> : Nivernais &#8211; Val d&rsquo;Amour &#8211; Rougemont le Ch\u00e2teau<\/p>\n\n\n\n<p><strong><a href=\"https:\/\/ligue-golfgrandest.org\/wp-content\/uploads\/2025\/05\/RESULTAS-T1T2-FINAL.pdf\">Classement Final<\/a> <\/strong>&#8211; <a href=\"https:\/\/ligue-golfgrandest.org\/wp-content\/uploads\/2025\/05\/1b.-Resultats-sans-nouveaux-index1.pdf\"><strong>Classement individuel<\/strong><\/a><br><strong>SOUFFLENHEIM, NANCY AINGERAY, LE RHIN, et EPINAL montent en 4e division nationale<\/strong><\/p>\n\n\n\n<hr class=\"wp-block-separator has-alpha-channel-opacity\"\/>\n\n\n\n<h2 class=\"wp-block-heading\"><strong>PROMOTION DES \u00c9QUIPES 2 <\/strong><\/h2>\n\n\n\n<p>22-25 mai 2025 | Golf de Brigode<br><strong>Chalon sur Saone monte en 2e division<\/strong><br>Chassagne reste en promotion<\/p>\n\n\n\n<p><a href=\"https:\/\/www.ffgolf.org\/golf-amateur\/toutes-categories\/calendrier-resultats\/national-international\/2025\/championnat-de-france-des-equipes-2-messieurs-promotion\/page-scores-tournoi\"><strong>R\u00e9sultats<\/strong><\/a><\/p>\n\n\n\n<hr class=\"wp-block-separator has-alpha-channel-opacity\"\/>\n\n\n\n<h2 class=\"wp-block-heading\"><strong>3\u00e8me DIVISION POULE D<\/strong><\/h2>\n\n\n\n<p>22-25 mai 2025 | Golf de La Chassagne<br><strong>\u00c9quipes engag\u00e9e<\/strong>s :  Dijon Bourgogne se maintient &#8211; La Chassagne descend en 4e division<br><strong><a href=\"https:\/\/www.ffgolf.org\/golf-amateur\/toutes-categories\/calendrier-resultats\/national-international\/2025\/championnat-de-france-par-equipes-messieurs-3eme-division-d\/page-scores-tournoi\" target=\"_blank\" rel=\"noreferrer noopener\">Infos et r\u00e9sultats<\/a><\/strong><\/p>\n\n\n\n<hr class=\"wp-block-separator has-alpha-channel-opacity\"\/>\n\n\n\n<h2 class=\"wp-block-heading\">CHAMPIONNAT DE FRANCE MESSIEURS PAR \u00c9QUIPE<\/h2>\n\n\n\n<p><strong>4\u00e8me DIVISION POULE D<\/strong><\/p>\n\n\n\n<p>22-25 mai 2025 | Golf de La Sorelle<br><strong>\u00c9quipes engag\u00e9es<\/strong> : <br>Val De Sorne, Chalon s\/Sa\u00f4ne et Pontarlier se maintiennent<br>Besan\u00e7on descend en promotion<br><strong><a rel=\"noreferrer noopener\" href=\"http:\/\/Infos et r\u00e9sultats\" target=\"_blank\">Infos et r\u00e9sultats<\/a><\/strong><\/p>\n\n\n\n<hr class=\"wp-block-separator has-alpha-channel-opacity\"\/>\n\n\n\n<p><strong>4\u00e8me DIVISION POULE B <\/strong><\/p>\n\n\n\n<p>22-25 mai 2025 | Golf de Grange aux Ormes <br><strong>\u00c9quipes engag\u00e9es<\/strong> :  Vosges du Sud se maintient <br>Prunevelle &#8211; Quetigny &#8211; Roncemay descendent en promotion<\/p>\n\n\n\n<p><strong><a href=\"https:\/\/www.ffgolf.org\/golf-amateur\/toutes-categories\/calendrier-resultats\/national-international\/2025\/championnat-de-france-par-equipes-messieurs-4eme-division-b\/page-scores-tournoi\" target=\"_blank\" rel=\"noreferrer noopener\">Infos et r\u00e9sultats<\/a><\/strong><\/p>\n\n\n\n<hr class=\"wp-block-separator has-alpha-channel-opacity\"\/>\n\n\n\n<p><strong>COUPE DES PR\u00c9SIDENTS D&rsquo;AS <\/strong><\/p>\n\n\n\n<p>2 avril 2025 | Golf d&rsquo;Arcachon<br><strong><a rel=\"noreferrer noopener\" href=\"https:\/\/www.ffgolf.org\/golf-amateur\/toutes-categories\/calendrier-resultats\/national-international\/2025\/coupe-des-presidents-coupe-andre-bleynie\/inscrits\" target=\"_blank\">R\u00e9sultats<\/a><\/strong> | <strong>Coupe des Pr\u00e9sidents <\/strong>: Fr\u00e9d\u00e9ric <strong>DURIX<\/strong> de Montceau 2\u00e8me Brut<\/p>\n\n\n\n<p><strong>Coupe des clubs<\/strong> : Marie Ange et Philippe MICHAUD d\u2019Avoise 1\u00e8re en brut<\/p>\n\n\n\n<figure class=\"wp-block-image size-full is-resized\"><img loading=\"lazy\" decoding=\"async\" width=\"480\" height=\"640\" src=\"https:\/\/liguegolfbfc.org\/wp-content\/uploads\/2025\/04\/IMG_4398-rotated.jpg\" alt=\"\" class=\"wp-image-17364\" style=\"width:199px;height:265px\" srcset=\"https:\/\/liguegolfbfc.org\/wp-content\/uploads\/2025\/04\/IMG_4398-rotated.jpg 480w, https:\/\/liguegolfbfc.org\/wp-content\/uploads\/2025\/04\/IMG_4398-225x300.jpg 225w\" sizes=\"auto, (max-width: 480px) 100vw, 480px\" \/><\/figure>\n\n\n\n<p><\/p>\n\n\n\n<hr class=\"wp-block-separator has-alpha-channel-opacity\"\/>\n\n\n\n<h4 class=\"wp-block-heading\">CHAMPIONNAT DE FRANCE MESSIEURS <br>COUPE GANAY<\/h4>\n\n\n\n<p>2 au 6 avril 2025 | Golf de Cannes Mougins<br><strong>Jeunes de la ligue engag\u00e9s<\/strong> : Alan Cevirgen et Corentin Besse<br><strong><a rel=\"noreferrer noopener\" href=\"https:\/\/www.ffgolf.org\/golf-amateur\/toutes-categories\/calendrier-resultats\/national-international\/2025\/championnat-de-france-messieurs-coupe-ganay-et-trophee-jacques-leglise\/page-scores-tournoi\" target=\"_blank\">R\u00e9sultats en live<\/a><\/strong><\/p>\n","protected":false},"excerpt":{"rendered":"<p>CHAMPIONNAT DE FRANCE MESSIEURS PAR EQUIPE PROMOTION INTERR\u00c9GIONALE 30-31 mai 2026 | Golf de RONCEMAY 3\u00e8me division Poule D 28 au 31 mai 2026 | Golf de ValcrosEquipe BFC engag\u00e9e : Dijon Bourgogne 4\u00e8me division Poule D 28 au 31 mai 2026 | Golf des ChanaletsEquipe BFC engag\u00e9es : La Chassagne &#8211; Chalon &#8211; Pontarlier [&hellip;]<\/p>\n","protected":false},"author":1,"featured_media":0,"parent":0,"menu_order":0,"comment_status":"closed","ping_status":"closed","template":"page-templates\/page-full-width.php","meta":{"footnotes":""},"class_list":["post-71","page","type-page","status-publish","hentry"],"jetpack_sharing_enabled":true,"_links":{"self":[{"href":"https:\/\/liguegolfbfc.org\/index.php\/wp-json\/wp\/v2\/pages\/71","targetHints":{"allow":["GET"]}}],"collection":[{"href":"https:\/\/liguegolfbfc.org\/index.php\/wp-json\/wp\/v2\/pages"}],"about":[{"href":"https:\/\/liguegolfbfc.org\/index.php\/wp-json\/wp\/v2\/types\/page"}],"author":[{"embeddable":true,"href":"https:\/\/liguegolfbfc.org\/index.php\/wp-json\/wp\/v2\/users\/1"}],"replies":[{"embeddable":true,"href":"https:\/\/liguegolfbfc.org\/index.php\/wp-json\/wp\/v2\/comments?post=71"}],"version-history":[{"count":129,"href":"https:\/\/liguegolfbfc.org\/index.php\/wp-json\/wp\/v2\/pages\/71\/revisions"}],"predecessor-version":[{"id":19479,"href":"https:\/\/liguegolfbfc.org\/index.php\/wp-json\/wp\/v2\/pages\/71\/revisions\/19479"}],"wp:attachment":[{"href":"https:\/\/liguegolfbfc.org\/index.php\/wp-json\/wp\/v2\/media?parent=71"}],"curies":[{"name":"wp","href":"https:\/\/api.w.org\/{rel}","templated":true}]}}