{"id":488,"date":"2020-03-12T13:07:12","date_gmt":"2020-03-12T12:07:12","guid":{"rendered":"http:\/\/liguegolfbfc.org\/?page_id=488"},"modified":"2023-07-12T10:44:10","modified_gmt":"2023-07-12T08:44:10","slug":"jeunes-cd21","status":"publish","type":"page","link":"https:\/\/liguegolfbfc.org\/index.php\/jeunes-cd21\/","title":{"rendered":"JEUNES | CD-21"},"content":{"rendered":"\n<p class=\"has-black-color has-text-color\"><strong>ANN\u00c9E 2023<\/strong><\/p>\n\n\n\n<p><strong><a rel=\"noreferrer noopener\" href=\"https:\/\/liguegolfbfc.org\/wp-content\/uploads\/2023\/03\/CD21-Calendrier-2023.pdf\" target=\"_blank\">Calendrier et r\u00e8glements  <\/a><\/strong><br>challenge des Ecoles de golf. <strong><a rel=\"noreferrer noopener\" href=\"https:\/\/liguegolfbfc.org\/wp-content\/uploads\/2023\/04\/CR-Challenge-CD-21.pdf\" target=\"_blank\">Compte rendu <\/a><\/strong><\/p>\n\n\n\n<div class=\"wp-block-columns is-layout-flex wp-container-core-columns-is-layout-9d6595d7 wp-block-columns-is-layout-flex\">\n<div class=\"wp-block-column is-layout-flow wp-block-column-is-layout-flow\" style=\"flex-basis:100%\">\n<figure class=\"wp-block-gallery has-nested-images columns-default is-cropped wp-block-gallery-1 is-layout-flex wp-block-gallery-is-layout-flex\">\n<figure class=\"wp-block-image size-large\"><img loading=\"lazy\" decoding=\"async\" width=\"450\" height=\"600\" data-id=\"12993\" src=\"https:\/\/liguegolfbfc.org\/wp-content\/uploads\/2023\/07\/Beaune-10-juillet.jpg\" alt=\"\" class=\"wp-image-12993\" srcset=\"https:\/\/liguegolfbfc.org\/wp-content\/uploads\/2023\/07\/Beaune-10-juillet.jpg 450w, https:\/\/liguegolfbfc.org\/wp-content\/uploads\/2023\/07\/Beaune-10-juillet-225x300.jpg 225w\" sizes=\"auto, (max-width: 450px) 100vw, 450px\" \/><\/figure>\n\n\n\n<figure class=\"wp-block-image size-large\"><img loading=\"lazy\" decoding=\"async\" width=\"768\" height=\"1024\" data-id=\"12994\" src=\"https:\/\/liguegolfbfc.org\/wp-content\/uploads\/2023\/07\/Beaune-CD-768x1024.jpg\" alt=\"\" class=\"wp-image-12994\" srcset=\"https:\/\/liguegolfbfc.org\/wp-content\/uploads\/2023\/07\/Beaune-CD-768x1024.jpg 768w, https:\/\/liguegolfbfc.org\/wp-content\/uploads\/2023\/07\/Beaune-CD-225x300.jpg 225w, https:\/\/liguegolfbfc.org\/wp-content\/uploads\/2023\/07\/Beaune-CD-1152x1536.jpg 1152w, https:\/\/liguegolfbfc.org\/wp-content\/uploads\/2023\/07\/Beaune-CD.jpg 1536w\" sizes=\"auto, (max-width: 768px) 100vw, 768px\" \/><\/figure>\n\n\n\n<figure class=\"wp-block-image size-large\"><img loading=\"lazy\" decoding=\"async\" width=\"768\" height=\"1024\" data-id=\"12995\" src=\"https:\/\/liguegolfbfc.org\/wp-content\/uploads\/2023\/07\/Challenge-CD21-768x1024.jpg\" alt=\"\" class=\"wp-image-12995\" srcset=\"https:\/\/liguegolfbfc.org\/wp-content\/uploads\/2023\/07\/Challenge-CD21-768x1024.jpg 768w, https:\/\/liguegolfbfc.org\/wp-content\/uploads\/2023\/07\/Challenge-CD21-225x300.jpg 225w, https:\/\/liguegolfbfc.org\/wp-content\/uploads\/2023\/07\/Challenge-CD21-1152x1536.jpg 1152w, https:\/\/liguegolfbfc.org\/wp-content\/uploads\/2023\/07\/Challenge-CD21.jpg 1536w\" sizes=\"auto, (max-width: 768px) 100vw, 768px\" \/><\/figure>\n<\/figure>\n<\/div>\n<\/div>\n\n\n\n<div class=\"wp-block-columns is-layout-flex wp-container-core-columns-is-layout-9d6595d7 wp-block-columns-is-layout-flex\">\n<div class=\"wp-block-column is-layout-flow wp-block-column-is-layout-flow\">\n<figure class=\"wp-block-gallery has-nested-images columns-default is-cropped wp-block-gallery-2 is-layout-flex wp-block-gallery-is-layout-flex\">\n<figure class=\"wp-block-image size-large\"><a href=\"https:\/\/liguegolfbfc.org\/wp-content\/uploads\/2023\/07\/IMG-20230712-WA0000.jpg\" data-rel=\"lightbox-gallery-6WXiFUmm\" data-rl_title=\"\" data-rl_caption=\"\" title=\"\"><img loading=\"lazy\" decoding=\"async\" width=\"1024\" height=\"768\" data-id=\"12997\" src=\"https:\/\/liguegolfbfc.org\/wp-content\/uploads\/2023\/07\/IMG-20230712-WA0000-1024x768.jpg\" alt=\"\" class=\"wp-image-12997\" srcset=\"https:\/\/liguegolfbfc.org\/wp-content\/uploads\/2023\/07\/IMG-20230712-WA0000-1024x768.jpg 1024w, https:\/\/liguegolfbfc.org\/wp-content\/uploads\/2023\/07\/IMG-20230712-WA0000-300x225.jpg 300w, https:\/\/liguegolfbfc.org\/wp-content\/uploads\/2023\/07\/IMG-20230712-WA0000-768x576.jpg 768w, https:\/\/liguegolfbfc.org\/wp-content\/uploads\/2023\/07\/IMG-20230712-WA0000-1536x1152.jpg 1536w, https:\/\/liguegolfbfc.org\/wp-content\/uploads\/2023\/07\/IMG-20230712-WA0000.jpg 1600w\" sizes=\"auto, (max-width: 1024px) 100vw, 1024px\" \/><\/a><\/figure>\n<\/figure>\n<\/div>\n\n\n\n<div class=\"wp-block-column is-layout-flow wp-block-column-is-layout-flow\">\n<figure class=\"wp-block-gallery has-nested-images columns-default is-cropped wp-block-gallery-3 is-layout-flex wp-block-gallery-is-layout-flex\">\n<figure class=\"wp-block-image size-large\"><a href=\"https:\/\/liguegolfbfc.org\/wp-content\/uploads\/2023\/07\/IMG-20230712-WA0001.jpg\" data-rel=\"lightbox-gallery-6WXiFUmm\" data-rl_title=\"\" data-rl_caption=\"\" title=\"\"><img loading=\"lazy\" decoding=\"async\" width=\"1024\" height=\"768\" data-id=\"12998\" src=\"https:\/\/liguegolfbfc.org\/wp-content\/uploads\/2023\/07\/IMG-20230712-WA0001-1024x768.jpg\" alt=\"\" class=\"wp-image-12998\" srcset=\"https:\/\/liguegolfbfc.org\/wp-content\/uploads\/2023\/07\/IMG-20230712-WA0001-1024x768.jpg 1024w, https:\/\/liguegolfbfc.org\/wp-content\/uploads\/2023\/07\/IMG-20230712-WA0001-300x225.jpg 300w, https:\/\/liguegolfbfc.org\/wp-content\/uploads\/2023\/07\/IMG-20230712-WA0001-768x576.jpg 768w, https:\/\/liguegolfbfc.org\/wp-content\/uploads\/2023\/07\/IMG-20230712-WA0001-1536x1152.jpg 1536w, https:\/\/liguegolfbfc.org\/wp-content\/uploads\/2023\/07\/IMG-20230712-WA0001.jpg 1600w\" sizes=\"auto, (max-width: 1024px) 100vw, 1024px\" \/><\/a><\/figure>\n<\/figure>\n<\/div>\n<\/div>\n\n\n\n<p><br>La quatri\u00e8me manche du Challenge des \u00e9coles de golf s&rsquo;est d\u00e9roul\u00e9e ce lundi matin 10 juillet, sur le parcours du golf de Beaune. Tout \u00e9tait r\u00e9uni pour passer un moment sympa avec la vingtaine de jeunes golfeurs venus en d\u00e9coudre sur 9 trous !<\/p>\n\n\n\n<p>Quetigny  domine largement cette manche avec 36 points devant Beaune (16 pts), Dijon Bourgogne (12pts) et la Chassagne (10 pts). A noter que la meilleure carte a \u00e9t\u00e9 rendue par Sacha Gavet (Quetigny) avec un score de 48.<\/p>\n\n\n\n<p>Au classement g\u00e9n\u00e9ral, les positions sont tr\u00e8s serr\u00e9es avant l&rsquo;ultime manche. Si la Chassagne semble condamn\u00e9e \u00e0 la derni\u00e8re place (50 points), les autres \u00e9coles de golf se tiennent en tr\u00e8s peu de points&#8230; Quetigny m\u00e8ne d\u00e9sormais la danse avec 102 points devant Beaune (97) et Dijon Bourgogne (93).<\/p>\n\n\n\n<p>Un grand merci au golf de Beaune et aux b\u00e9n\u00e9voles qui ont accompagn\u00e9 les parties.<br><strong>La derni\u00e8re manche aura lieu le 23 ao\u00fbt \u00e0 Salives.<\/strong><\/p>\n\n\n\n<div class=\"wp-block-columns is-layout-flex wp-container-core-columns-is-layout-9d6595d7 wp-block-columns-is-layout-flex\">\n<div class=\"wp-block-column is-layout-flow wp-block-column-is-layout-flow\" style=\"flex-basis:100%\">\n<figure class=\"wp-block-gallery has-nested-images columns-2 is-cropped wp-block-gallery-4 is-layout-flex wp-block-gallery-is-layout-flex\">\n<figure class=\"wp-block-image size-large\"><img loading=\"lazy\" decoding=\"async\" width=\"768\" height=\"1024\" data-id=\"12039\" src=\"https:\/\/liguegolfbfc.org\/wp-content\/uploads\/2023\/04\/340165606_1269365743986076_816572789379648286_n-768x1024.jpg\" alt=\"\" class=\"wp-image-12039\" srcset=\"https:\/\/liguegolfbfc.org\/wp-content\/uploads\/2023\/04\/340165606_1269365743986076_816572789379648286_n-768x1024.jpg 768w, https:\/\/liguegolfbfc.org\/wp-content\/uploads\/2023\/04\/340165606_1269365743986076_816572789379648286_n-225x300.jpg 225w, https:\/\/liguegolfbfc.org\/wp-content\/uploads\/2023\/04\/340165606_1269365743986076_816572789379648286_n-1152x1536.jpg 1152w, https:\/\/liguegolfbfc.org\/wp-content\/uploads\/2023\/04\/340165606_1269365743986076_816572789379648286_n.jpg 1536w\" sizes=\"auto, (max-width: 768px) 100vw, 768px\" \/><\/figure>\n\n\n\n<figure class=\"wp-block-image size-large is-style-default\"><img loading=\"lazy\" decoding=\"async\" width=\"1024\" height=\"768\" data-id=\"12038\" src=\"https:\/\/liguegolfbfc.org\/wp-content\/uploads\/2023\/04\/340258250_2013412915662980_1527165345054313017_n-1024x768.jpg\" alt=\"\" class=\"wp-image-12038\" srcset=\"https:\/\/liguegolfbfc.org\/wp-content\/uploads\/2023\/04\/340258250_2013412915662980_1527165345054313017_n-1024x768.jpg 1024w, https:\/\/liguegolfbfc.org\/wp-content\/uploads\/2023\/04\/340258250_2013412915662980_1527165345054313017_n-300x225.jpg 300w, https:\/\/liguegolfbfc.org\/wp-content\/uploads\/2023\/04\/340258250_2013412915662980_1527165345054313017_n-768x576.jpg 768w, https:\/\/liguegolfbfc.org\/wp-content\/uploads\/2023\/04\/340258250_2013412915662980_1527165345054313017_n-1536x1152.jpg 1536w, https:\/\/liguegolfbfc.org\/wp-content\/uploads\/2023\/04\/340258250_2013412915662980_1527165345054313017_n.jpg 2048w\" sizes=\"auto, (max-width: 1024px) 100vw, 1024px\" \/><\/figure>\n<\/figure>\n<\/div>\n<\/div>\n\n\n\n<p><\/p>\n\n\n\n<p><\/p>\n","protected":false},"excerpt":{"rendered":"<p>ANN\u00c9E 2023 Calendrier et r\u00e8glements challenge des Ecoles de golf. Compte rendu La quatri\u00e8me manche du Challenge des \u00e9coles de golf s&rsquo;est d\u00e9roul\u00e9e ce lundi matin 10 juillet, sur le parcours du golf de Beaune. Tout \u00e9tait r\u00e9uni pour passer un moment sympa avec la vingtaine de jeunes golfeurs venus en d\u00e9coudre sur 9 trous [&hellip;]<\/p>\n","protected":false},"author":1,"featured_media":0,"parent":0,"menu_order":0,"comment_status":"closed","ping_status":"closed","template":"page-templates\/page-full-width.php","meta":{"footnotes":""},"class_list":["post-488","page","type-page","status-publish","hentry"],"jetpack_sharing_enabled":true,"_links":{"self":[{"href":"https:\/\/liguegolfbfc.org\/index.php\/wp-json\/wp\/v2\/pages\/488","targetHints":{"allow":["GET"]}}],"collection":[{"href":"https:\/\/liguegolfbfc.org\/index.php\/wp-json\/wp\/v2\/pages"}],"about":[{"href":"https:\/\/liguegolfbfc.org\/index.php\/wp-json\/wp\/v2\/types\/page"}],"author":[{"embeddable":true,"href":"https:\/\/liguegolfbfc.org\/index.php\/wp-json\/wp\/v2\/users\/1"}],"replies":[{"embeddable":true,"href":"https:\/\/liguegolfbfc.org\/index.php\/wp-json\/wp\/v2\/comments?post=488"}],"version-history":[{"count":71,"href":"https:\/\/liguegolfbfc.org\/index.php\/wp-json\/wp\/v2\/pages\/488\/revisions"}],"predecessor-version":[{"id":13000,"href":"https:\/\/liguegolfbfc.org\/index.php\/wp-json\/wp\/v2\/pages\/488\/revisions\/13000"}],"wp:attachment":[{"href":"https:\/\/liguegolfbfc.org\/index.php\/wp-json\/wp\/v2\/media?parent=488"}],"curies":[{"name":"wp","href":"https:\/\/api.w.org\/{rel}","templated":true}]}}