{"id":4336,"date":"2021-03-07T19:15:24","date_gmt":"2021-03-07T18:15:24","guid":{"rendered":"https:\/\/liguegolfbfc.org\/?page_id=4336"},"modified":"2023-02-07T11:39:40","modified_gmt":"2023-02-07T10:39:40","slug":"entreprise-interligues-seniors","status":"publish","type":"page","link":"https:\/\/liguegolfbfc.org\/index.php\/entreprise-interligues-seniors\/","title":{"rendered":"ENTREPRISE &#8211; INTERLIGUES SENIORS"},"content":{"rendered":"\n<p class=\"has-vivid-red-color has-text-color\"><em>Apr\u00e8s plusieurs reports,<\/em> c<em>ette rencontre a \u00e9t\u00e9 supprim\u00e9e en mars 2022<\/em><\/p>\n\n\n\n<h4 class=\"wp-block-heading\">SAISON 2021<\/h4>\n\n\n<p><strong>&nbsp; &nbsp; &nbsp; &nbsp; &nbsp; &nbsp; &nbsp; &nbsp; &nbsp; &nbsp; &nbsp; Interlignes Seniors ARA \/ BFC <\/strong>&nbsp;<em><span style=\"color: #ff0000;\"> Annul\u00e9e<\/span><\/em><\/p>\n<p>&nbsp; &nbsp; &nbsp; &nbsp; &nbsp; &nbsp; &nbsp; &nbsp; &nbsp; &nbsp; &nbsp; Mardi 28 septembre 2021 &#8211; Golf de Macon &#8211; La Commanderie&nbsp;&nbsp;<\/p>\n\n\n<h4 class=\"wp-block-heading\">SAISON 2020<\/h4>\n\n\n\n<p>                     <strong>Interlignes Seniors ARA \/ BFC&nbsp;<\/strong> &nbsp;<em><span class=\"has-inline-color has-vivid-red-color\">Annul\u00e9e<\/span><\/em><\/p>\n\n\n\n<h4 class=\"wp-block-heading\">SAISON 2019<\/h4>\n\n\n\n<p>                      Mardi 29 septembre &#8211; Golf de Dijon Bourgogne Norges<\/p>\n\n\n\n<p>Les r\u00e9sultats    <\/p>\n\n\n\n<div class=\"wp-block-file\"><a id=\"wp-block-file--media-8349e8c6-bfe5-4107-b253-ae5d91f61cc8\" href=\"https:\/\/liguegolfbfc.org\/wp-content\/uploads\/2021\/03\/Feuille-Match-Interligue-2019.pdf\">Feuille-Match-Interligue-2019<\/a><a href=\"https:\/\/liguegolfbfc.org\/wp-content\/uploads\/2021\/03\/Feuille-Match-Interligue-2019.pdf\" class=\"wp-block-file__button\" download aria-describedby=\"wp-block-file--media-8349e8c6-bfe5-4107-b253-ae5d91f61cc8\">T\u00e9l\u00e9charger<\/a><\/div>\n\n\n\n<figure class=\"wp-block-image size-large is-resized\"><img loading=\"lazy\" decoding=\"async\" src=\"https:\/\/liguegolfbfc.org\/wp-content\/uploads\/2021\/02\/ara17.jpg\" alt=\"\" class=\"wp-image-4348\" width=\"599\" height=\"450\" srcset=\"https:\/\/liguegolfbfc.org\/wp-content\/uploads\/2021\/02\/ara17.jpg 799w, https:\/\/liguegolfbfc.org\/wp-content\/uploads\/2021\/02\/ara17-300x225.jpg 300w, https:\/\/liguegolfbfc.org\/wp-content\/uploads\/2021\/02\/ara17-768x577.jpg 768w\" sizes=\"auto, (max-width: 599px) 100vw, 599px\" \/><figcaption>Auvergne Rh\u00f4ne Alpes recevant le Troph\u00e9e 2019<\/figcaption><\/figure>\n\n\n\n<h4 class=\"wp-block-heading\">SAISON 2018<\/h4>\n\n\n\n<p><\/p>\n\n\n\n<figure class=\"wp-block-image size-full is-resized\"><img loading=\"lazy\" decoding=\"async\" src=\"https:\/\/liguegolfbfc.org\/wp-content\/uploads\/2021\/02\/senior-st-etienne.jpg\" alt=\"\" class=\"wp-image-4351\" width=\"384\" height=\"512\" srcset=\"https:\/\/liguegolfbfc.org\/wp-content\/uploads\/2021\/02\/senior-st-etienne.jpg 1536w, https:\/\/liguegolfbfc.org\/wp-content\/uploads\/2021\/02\/senior-st-etienne-225x300.jpg 225w, https:\/\/liguegolfbfc.org\/wp-content\/uploads\/2021\/02\/senior-st-etienne-768x1024.jpg 768w, https:\/\/liguegolfbfc.org\/wp-content\/uploads\/2021\/02\/senior-st-etienne-1152x1536.jpg 1152w\" sizes=\"auto, (max-width: 384px) 100vw, 384px\" \/><figcaption>Mardi 25 septembre 2018 &#8211; Golf de Saint Etienne<\/figcaption><\/figure>\n\n\n\n<h4 class=\"wp-block-heading\">SAISON 2017<\/h4>\n\n\n\n<p><mark style=\"background-color:rgba(0, 0, 0, 0)\" class=\"has-inline-color has-black-color\">Mardi 26 septembre 2017<\/mark> &#8211; Golf du Val de Sorne<\/p>\n\n\n\n<p><strong>Les r\u00e9sultats<\/strong><\/p>\n\n\n\n<div class=\"wp-block-file\"><a id=\"wp-block-file--media-a7e90027-b280-4d5d-a4df-85db613950d2\" href=\"https:\/\/liguegolfbfc.org\/wp-content\/uploads\/2021\/02\/Feuille-de-Match-Interligues-2017-BRUNO-V4-JC-1.pdf\">Feuille-de-Match-Interligues-2017-BRUNO-V4-JC-1<\/a><a href=\"https:\/\/liguegolfbfc.org\/wp-content\/uploads\/2021\/02\/Feuille-de-Match-Interligues-2017-BRUNO-V4-JC-1.pdf\" class=\"wp-block-file__button\" download aria-describedby=\"wp-block-file--media-a7e90027-b280-4d5d-a4df-85db613950d2\">T\u00e9l\u00e9charger<\/a><\/div>\n\n\n\n<figure class=\"wp-block-image size-large\"><img loading=\"lazy\" decoding=\"async\" width=\"494\" height=\"418\" src=\"https:\/\/liguegolfbfc.org\/wp-content\/uploads\/2021\/02\/arabfc.jpg\" alt=\"\" class=\"wp-image-4349\" srcset=\"https:\/\/liguegolfbfc.org\/wp-content\/uploads\/2021\/02\/arabfc.jpg 494w, https:\/\/liguegolfbfc.org\/wp-content\/uploads\/2021\/02\/arabfc-300x254.jpg 300w\" sizes=\"auto, (max-width: 494px) 100vw, 494px\" \/><figcaption>Bruno VIGNAL Bourgogne Franche-Comt\u00e9 et  Jean-Claude PAUCHON Auvergne Rh\u00f4ne Alpes<\/figcaption><\/figure>\n","protected":false},"excerpt":{"rendered":"<p>Apr\u00e8s plusieurs reports, cette rencontre a \u00e9t\u00e9 supprim\u00e9e en mars 2022 SAISON 2021 &nbsp; &nbsp; &nbsp; &nbsp; &nbsp; &nbsp; &nbsp; &nbsp; &nbsp; &nbsp; &nbsp; Interlignes Seniors ARA \/ BFC &nbsp; Annul\u00e9e &nbsp; &nbsp; &nbsp; &nbsp; &nbsp; &nbsp; &nbsp; &nbsp; &nbsp; &nbsp; &nbsp; Mardi 28 septembre 2021 &#8211; Golf de Macon &#8211; La Commanderie&nbsp;&nbsp; SAISON 2020 [&hellip;]<\/p>\n","protected":false},"author":3,"featured_media":0,"parent":0,"menu_order":0,"comment_status":"closed","ping_status":"closed","template":"page-templates\/page-full-width.php","meta":{"footnotes":""},"class_list":["post-4336","page","type-page","status-publish","hentry"],"jetpack_sharing_enabled":true,"_links":{"self":[{"href":"https:\/\/liguegolfbfc.org\/index.php\/wp-json\/wp\/v2\/pages\/4336","targetHints":{"allow":["GET"]}}],"collection":[{"href":"https:\/\/liguegolfbfc.org\/index.php\/wp-json\/wp\/v2\/pages"}],"about":[{"href":"https:\/\/liguegolfbfc.org\/index.php\/wp-json\/wp\/v2\/types\/page"}],"author":[{"embeddable":true,"href":"https:\/\/liguegolfbfc.org\/index.php\/wp-json\/wp\/v2\/users\/3"}],"replies":[{"embeddable":true,"href":"https:\/\/liguegolfbfc.org\/index.php\/wp-json\/wp\/v2\/comments?post=4336"}],"version-history":[{"count":29,"href":"https:\/\/liguegolfbfc.org\/index.php\/wp-json\/wp\/v2\/pages\/4336\/revisions"}],"predecessor-version":[{"id":11170,"href":"https:\/\/liguegolfbfc.org\/index.php\/wp-json\/wp\/v2\/pages\/4336\/revisions\/11170"}],"wp:attachment":[{"href":"https:\/\/liguegolfbfc.org\/index.php\/wp-json\/wp\/v2\/media?parent=4336"}],"curies":[{"name":"wp","href":"https:\/\/api.w.org\/{rel}","templated":true}]}}