{"id":219,"date":"2020-03-10T12:46:25","date_gmt":"2020-03-10T11:46:25","guid":{"rendered":"http:\/\/liguegolfbfc.org\/?page_id=219"},"modified":"2024-11-22T12:34:03","modified_gmt":"2024-11-22T11:34:03","slug":"bourgogne-golf-de-chalon-sur-soane","status":"publish","type":"page","link":"https:\/\/liguegolfbfc.org\/index.php\/bourgogne-golf-de-chalon-sur-soane\/","title":{"rendered":"BOURGOGNE | GOLF DE CHALON SUR SAONE"},"content":{"rendered":"<div class=\"wp-block-image\">\n<figure class=\"alignright size-large\"><img loading=\"lazy\" decoding=\"async\" width=\"300\" height=\"300\" src=\"http:\/\/liguegolfbfc.org\/wp-content\/uploads\/2020\/04\/CHALON-LOGO.jpg\" alt=\"\" class=\"wp-image-1744\" srcset=\"https:\/\/liguegolfbfc.org\/wp-content\/uploads\/2020\/04\/CHALON-LOGO.jpg 300w, https:\/\/liguegolfbfc.org\/wp-content\/uploads\/2020\/04\/CHALON-LOGO-150x150.jpg 150w\" sizes=\"auto, (max-width: 300px) 100vw, 300px\" \/><\/figure><\/div>\n\n\n<p><strong>GOLF Ch\u00e2lon sur Sa\u00f4ne<\/strong><\/p>\n\n\n\n<p>Parc\nSaint-Nicolas<\/p>\n\n\n\n<p>71380\nCh\u00e2tenoy en Bresse<\/p>\n\n\n\n<p>Tel : 03 85 93 49 65<\/p>\n\n\n\n<p>Site Web Club : <a href=\"https:\/\/www.liguegolfbfc.fr\/%20http:\/www.golfchalon.com\" target=\"_blank\" rel=\"noreferrer noopener\">www.golfchalon.com<\/a><\/p>\n\n\n\n<p>FaceBook Club : <a href=\"https:\/\/www.facebook.com\/golfchalon\" target=\"_blank\" rel=\"noreferrer noopener\">www.facebook.com\/golfchalon<\/a><\/p>\n\n\n\n<p><strong>Association Sportive<\/strong><\/p>\n\n\n\n<p>Le Pr\u00e9sident : FRASELLE Carl<\/p>\n\n\n\n<p>Nombre de membres 2022 :  482<\/p>\n\n\n\n<p>FaceBook AS : nc<\/p>\n\n\n\n<p><strong>Equipement<\/strong><\/p>\n\n\n\n<p>Parcours 24 trous.<\/p>\n\n\n\n<iframe loading=\"lazy\" tabindex=\"0\" aria-hidden=\"false\" src=\"https:\/\/www.google.com\/maps\/embed?pb=!1m18!1m12!1m3!1d144907.30538866037!2d4.8327589579466075!3d46.789731386250395!2m3!1f0!2f0!3f0!3m2!1i1024!2i768!4f13.1!3m3!1m2!1s0x47f2e35f3ed34baf%3A0x18693ffdd6772d97!2sGolf%20Public%20de%20Chalon-sur-Sa%C3%B4ne!5e0!3m2!1sfr!2sfr!4v1586173297807!5m2!1sfr!2sfr\" allowfullscreen=\"\" style=\"border:0;\" width=\"100%\" height=\"450\" frameborder=\"0\"><\/iframe>\n","protected":false},"excerpt":{"rendered":"<p>GOLF Ch\u00e2lon sur Sa\u00f4ne Parc Saint-Nicolas 71380 Ch\u00e2tenoy en Bresse Tel : 03 85 93 49 65 Site Web Club : www.golfchalon.com FaceBook Club : www.facebook.com\/golfchalon Association Sportive Le Pr\u00e9sident : FRASELLE Carl Nombre de membres 2022 : 482 FaceBook AS : nc Equipement Parcours 24 trous.<\/p>\n","protected":false},"author":1,"featured_media":0,"parent":0,"menu_order":0,"comment_status":"closed","ping_status":"closed","template":"page-templates\/page-full-width.php","meta":{"footnotes":""},"class_list":["post-219","page","type-page","status-publish","hentry"],"jetpack_sharing_enabled":true,"_links":{"self":[{"href":"https:\/\/liguegolfbfc.org\/index.php\/wp-json\/wp\/v2\/pages\/219","targetHints":{"allow":["GET"]}}],"collection":[{"href":"https:\/\/liguegolfbfc.org\/index.php\/wp-json\/wp\/v2\/pages"}],"about":[{"href":"https:\/\/liguegolfbfc.org\/index.php\/wp-json\/wp\/v2\/types\/page"}],"author":[{"embeddable":true,"href":"https:\/\/liguegolfbfc.org\/index.php\/wp-json\/wp\/v2\/users\/1"}],"replies":[{"embeddable":true,"href":"https:\/\/liguegolfbfc.org\/index.php\/wp-json\/wp\/v2\/comments?post=219"}],"version-history":[{"count":8,"href":"https:\/\/liguegolfbfc.org\/index.php\/wp-json\/wp\/v2\/pages\/219\/revisions"}],"predecessor-version":[{"id":16160,"href":"https:\/\/liguegolfbfc.org\/index.php\/wp-json\/wp\/v2\/pages\/219\/revisions\/16160"}],"wp:attachment":[{"href":"https:\/\/liguegolfbfc.org\/index.php\/wp-json\/wp\/v2\/media?parent=219"}],"curies":[{"name":"wp","href":"https:\/\/api.w.org\/{rel}","templated":true}]}}