{"id":201,"date":"2020-03-10T12:35:22","date_gmt":"2020-03-10T11:35:22","guid":{"rendered":"http:\/\/liguegolfbfc.org\/?page_id=201"},"modified":"2024-10-10T17:33:48","modified_gmt":"2024-10-10T15:33:48","slug":"bourgogne-golf-camp-de-cesar","status":"publish","type":"page","link":"https:\/\/liguegolfbfc.org\/index.php\/bourgogne-golf-camp-de-cesar\/","title":{"rendered":"BOURGOGNE | PRACTICE DE L&rsquo;AGGLOMERATION SENONAISE"},"content":{"rendered":"\n<p><strong>Practice de l&rsquo;Agglom\u00e9ration Senonaise<\/strong><\/p>\n\n\n\n<p>1 chemin des P\u00eacheurs<\/p>\n\n\n\n<p>89100 Sens<\/p>\n\n\n\n<p>Tel : 06 11 76 30 54<\/p>\n\n\n\n<p><strong><a rel=\"noreferrer noopener\" href=\"https:\/\/www.grand-senonais.fr\/annuaire\/practice-de-golf\/\" target=\"_blank\">Site Web agglom\u00e9ration<\/a><\/strong> <\/p>\n\n\n\n<p>FaceBook : <a href=\"https:\/\/www.facebook.com\/Acad\u00e9mie-S\u00e9nonaise-de-Golf\" target=\"_blank\" rel=\"noreferrer noopener\">www.facebook.com\/Acad\u00e9mie-S\u00e9nonaise-de-Golf<\/a><\/p>\n\n\n\n<p><strong>Association Sportive<\/strong><\/p>\n\n\n\n<p>Le Pr\u00e9sident : ECHASSON Bilitis<\/p>\n\n\n\n<p>Nombre de membres : 85<\/p>\n\n\n\n<p><strong>Equipement<\/strong><\/p>\n\n\n\n<p>Practice de golf.<\/p>\n\n\n\n<iframe loading=\"lazy\" width=\"100%\" height=\"450\" tabindex=\"0\" aria-hidden=\"false\" src=\"https:\/\/www.google.com\/maps\/embed?pb=!1m18!1m12!1m3!1d75264.83387430076!2d3.2363769815145784!3d48.202935355227076!2m3!1f0!2f0!3f0!3m2!1i1024!2i768!4f13.1!3m3!1m2!1s0x0%3A0x9a1df3f780896181!2sPratice%20De%20Golf!5e0!3m2!1sfr!2sfr!4v1586274757526!5m2!1sfr!2sfr\" frameborder=\"0\" allowfullscreen=\"\" style=\"border:0;\"><\/iframe>\n","protected":false},"excerpt":{"rendered":"<p>Practice de l&rsquo;Agglom\u00e9ration Senonaise 1 chemin des P\u00eacheurs 89100 Sens Tel : 06 11 76 30 54 Site Web agglom\u00e9ration FaceBook : www.facebook.com\/Acad\u00e9mie-S\u00e9nonaise-de-Golf Association Sportive Le Pr\u00e9sident : ECHASSON Bilitis Nombre de membres : 85 Equipement Practice de golf.<\/p>\n","protected":false},"author":1,"featured_media":0,"parent":0,"menu_order":0,"comment_status":"closed","ping_status":"closed","template":"page-templates\/page-full-width.php","meta":{"footnotes":""},"class_list":["post-201","page","type-page","status-publish","hentry"],"jetpack_sharing_enabled":true,"_links":{"self":[{"href":"https:\/\/liguegolfbfc.org\/index.php\/wp-json\/wp\/v2\/pages\/201","targetHints":{"allow":["GET"]}}],"collection":[{"href":"https:\/\/liguegolfbfc.org\/index.php\/wp-json\/wp\/v2\/pages"}],"about":[{"href":"https:\/\/liguegolfbfc.org\/index.php\/wp-json\/wp\/v2\/types\/page"}],"author":[{"embeddable":true,"href":"https:\/\/liguegolfbfc.org\/index.php\/wp-json\/wp\/v2\/users\/1"}],"replies":[{"embeddable":true,"href":"https:\/\/liguegolfbfc.org\/index.php\/wp-json\/wp\/v2\/comments?post=201"}],"version-history":[{"count":16,"href":"https:\/\/liguegolfbfc.org\/index.php\/wp-json\/wp\/v2\/pages\/201\/revisions"}],"predecessor-version":[{"id":16001,"href":"https:\/\/liguegolfbfc.org\/index.php\/wp-json\/wp\/v2\/pages\/201\/revisions\/16001"}],"wp:attachment":[{"href":"https:\/\/liguegolfbfc.org\/index.php\/wp-json\/wp\/v2\/media?parent=201"}],"curies":[{"name":"wp","href":"https:\/\/api.w.org\/{rel}","templated":true}]}}