{"id":20058,"date":"2026-03-27T12:14:55","date_gmt":"2026-03-27T11:14:55","guid":{"rendered":"https:\/\/liguegolfbfc.org\/?page_id=20058"},"modified":"2026-04-09T09:30:55","modified_gmt":"2026-04-09T07:30:55","slug":"competition-trackman-indoor","status":"publish","type":"page","link":"https:\/\/liguegolfbfc.org\/index.php\/competition-trackman-indoor\/","title":{"rendered":"Comp\u00e9tition Trackman Indoor"},"content":{"rendered":"<div class=\"wp-block-image\">\n<figure class=\"aligncenter size-full\"><img loading=\"lazy\" decoding=\"async\" width=\"2560\" height=\"1805\" src=\"https:\/\/liguegolfbfc.org\/wp-content\/uploads\/2026\/03\/tas-le-track_fond-transparent-scaled.png\" alt=\"\" class=\"wp-image-20093\" srcset=\"https:\/\/liguegolfbfc.org\/wp-content\/uploads\/2026\/03\/tas-le-track_fond-transparent-scaled.png 2560w, https:\/\/liguegolfbfc.org\/wp-content\/uploads\/2026\/03\/tas-le-track_fond-transparent-300x211.png 300w, https:\/\/liguegolfbfc.org\/wp-content\/uploads\/2026\/03\/tas-le-track_fond-transparent-1024x722.png 1024w, https:\/\/liguegolfbfc.org\/wp-content\/uploads\/2026\/03\/tas-le-track_fond-transparent-768x541.png 768w, https:\/\/liguegolfbfc.org\/wp-content\/uploads\/2026\/03\/tas-le-track_fond-transparent-1536x1083.png 1536w, https:\/\/liguegolfbfc.org\/wp-content\/uploads\/2026\/03\/tas-le-track_fond-transparent-2048x1444.png 2048w\" sizes=\"auto, (max-width: 2560px) 100vw, 2560px\" \/><\/figure><\/div>\n\n\n<p><strong>La comp\u00e9tition indoor sur TrackMan est propos\u00e9e aux jeunes des \u00e9coles de golf.<\/strong>&nbsp;Organis\u00e9e sur 9 trous en formule greensome, elle permet aux joueurs de continuer \u00e0 pratiquer dans un format ludique, accessible et formateur pendant la p\u00e9riode hivernale. Cette animation permet de maintenir une pratique sportive tout au long de la saison.<\/p>\n\n\n\n<p><strong>Cette \u00e9preuve permet aux jeunes de se retrouver, et de d\u00e9couvrir une autre approche du jeu sur parcours.<\/strong>&nbsp;Gr\u00e2ce \u00e0 l\u2019outil TrackMan, les joueurs \u00e9voluent dans un cadre moderne, tout en conservant les rep\u00e8res du jeu et de la strat\u00e9gie.<\/p>\n\n\n\n<p><strong>Les dates retenues pour cette premi\u00e8re \u00e9dition sont les 18 mars, 21 mars, 1er avril et 4 avril 2026.<\/strong><\/p>\n\n\n\n<hr class=\"wp-block-separator has-alpha-channel-opacity\"\/>\n\n\n\n<div class=\"wp-block-columns is-layout-flex wp-container-core-columns-is-layout-9d6595d7 wp-block-columns-is-layout-flex\">\n<div class=\"wp-block-column is-layout-flow wp-block-column-is-layout-flow\">\n<figure class=\"wp-block-image size-full\"><img loading=\"lazy\" decoding=\"async\" width=\"530\" height=\"300\" src=\"https:\/\/liguegolfbfc.org\/wp-content\/uploads\/2026\/03\/6.png\" alt=\"\" class=\"wp-image-20082\" srcset=\"https:\/\/liguegolfbfc.org\/wp-content\/uploads\/2026\/03\/6.png 530w, https:\/\/liguegolfbfc.org\/wp-content\/uploads\/2026\/03\/6-300x170.png 300w\" sizes=\"auto, (max-width: 530px) 100vw, 530px\" \/><\/figure>\n<\/div>\n\n\n\n<div class=\"wp-block-column is-layout-flow wp-block-column-is-layout-flow\">\n<figure class=\"wp-block-image size-full\"><img loading=\"lazy\" decoding=\"async\" width=\"530\" height=\"300\" src=\"https:\/\/liguegolfbfc.org\/wp-content\/uploads\/2026\/03\/7.png\" alt=\"\" class=\"wp-image-20083\" srcset=\"https:\/\/liguegolfbfc.org\/wp-content\/uploads\/2026\/03\/7.png 530w, https:\/\/liguegolfbfc.org\/wp-content\/uploads\/2026\/03\/7-300x170.png 300w\" sizes=\"auto, (max-width: 530px) 100vw, 530px\" \/><\/figure>\n<\/div>\n\n\n\n<div class=\"wp-block-column is-layout-flow wp-block-column-is-layout-flow\">\n<figure class=\"wp-block-image size-full\"><img loading=\"lazy\" decoding=\"async\" width=\"530\" height=\"300\" src=\"https:\/\/liguegolfbfc.org\/wp-content\/uploads\/2026\/03\/8.png\" alt=\"\" class=\"wp-image-20084\" srcset=\"https:\/\/liguegolfbfc.org\/wp-content\/uploads\/2026\/03\/8.png 530w, https:\/\/liguegolfbfc.org\/wp-content\/uploads\/2026\/03\/8-300x170.png 300w\" sizes=\"auto, (max-width: 530px) 100vw, 530px\" \/><\/figure>\n<\/div>\n<\/div>\n\n\n\n<p><strong>R\u00e9sultats <strong>18 mars, 21 mars<\/strong> :<\/strong><\/p>\n\n\n\n<ol class=\"wp-block-list\">\n<li><strong>Camille Aubertel \/ Maxence Chalade<\/strong>&nbsp;&#8211; Brut : 45 | Net : 18<\/li>\n\n\n\n<li><strong>Ang\u00e9lino Peltey \/ Antoine Maccanin<\/strong>&nbsp;&#8211; Brut : 48 | Net : 22<\/li>\n\n\n\n<li><strong>Cl\u00e9ment Vincent \/ No\u00e9mie Begel<\/strong>&nbsp;&#8211; Brut : 42 | Net : 26<\/li>\n\n\n\n<li><strong>Lenny Mendes \/ Salvador Belliard-Echasson<\/strong>&nbsp;&#8211; Brut : 56 | Net : 29<\/li>\n\n\n\n<li><strong>\u00c9douard Nicolardot \/ Robin Catherinet<\/strong>&nbsp;&#8211; Brut : 44 | Net : 31<\/li>\n\n\n\n<li><strong>Ferreol Poinsard \/ Fran\u00e7ois Elie<\/strong>&nbsp;&#8211; Brut : 56 | Net : 34<\/li>\n\n\n\n<li><strong>Charlie Magnan \/ Jules Geantet<\/strong>\u00a0&#8211; Brut : 48 | Net : 39<\/li>\n\n\n\n<li><strong>Rapha\u00ebl Silva \/ Eve Esekielu<\/strong>&nbsp;&#8211; Brut : 76 | Net : 49<\/li>\n<\/ol>\n\n\n\n<p><strong>Bravo \u00e0 l\u2019ensemble des participants<\/strong>&nbsp;pour cette premi\u00e8re \u00e9dition \u00ab\u00a0T&rsquo;as le Track ?!\u00a0\u00bb<\/p>\n\n\n\n<div class=\"wp-block-columns is-layout-flex wp-container-core-columns-is-layout-9d6595d7 wp-block-columns-is-layout-flex\">\n<div class=\"wp-block-column is-layout-flow wp-block-column-is-layout-flow\">\n<figure class=\"wp-block-image size-full\"><img loading=\"lazy\" decoding=\"async\" width=\"530\" height=\"300\" src=\"https:\/\/liguegolfbfc.org\/wp-content\/uploads\/2026\/03\/9.png\" alt=\"\" class=\"wp-image-20085\" srcset=\"https:\/\/liguegolfbfc.org\/wp-content\/uploads\/2026\/03\/9.png 530w, https:\/\/liguegolfbfc.org\/wp-content\/uploads\/2026\/03\/9-300x170.png 300w\" sizes=\"auto, (max-width: 530px) 100vw, 530px\" \/><\/figure>\n<\/div>\n\n\n\n<div class=\"wp-block-column is-layout-flow wp-block-column-is-layout-flow\">\n<figure class=\"wp-block-image size-full\"><img loading=\"lazy\" decoding=\"async\" width=\"530\" height=\"300\" src=\"https:\/\/liguegolfbfc.org\/wp-content\/uploads\/2026\/03\/10.png\" alt=\"\" class=\"wp-image-20086\" srcset=\"https:\/\/liguegolfbfc.org\/wp-content\/uploads\/2026\/03\/10.png 530w, https:\/\/liguegolfbfc.org\/wp-content\/uploads\/2026\/03\/10-300x170.png 300w\" sizes=\"auto, (max-width: 530px) 100vw, 530px\" \/><\/figure>\n<\/div>\n\n\n\n<div class=\"wp-block-column is-layout-flow wp-block-column-is-layout-flow\">\n<figure class=\"wp-block-image size-full\"><img loading=\"lazy\" decoding=\"async\" width=\"530\" height=\"300\" src=\"https:\/\/liguegolfbfc.org\/wp-content\/uploads\/2026\/03\/11.png\" alt=\"\" class=\"wp-image-20087\" srcset=\"https:\/\/liguegolfbfc.org\/wp-content\/uploads\/2026\/03\/11.png 530w, https:\/\/liguegolfbfc.org\/wp-content\/uploads\/2026\/03\/11-300x170.png 300w\" sizes=\"auto, (max-width: 530px) 100vw, 530px\" \/><\/figure>\n<\/div>\n<\/div>\n\n\n\n<hr class=\"wp-block-separator has-alpha-channel-opacity\"\/>\n\n\n\n<p><strong>R\u00e9sultats du 4 avril :<\/strong><\/p>\n\n\n\n<p>1. <strong>Ang\u00e9lino PELTEY \/ Antoine MACCANIN<\/strong> &#8211;\u00a0Brut : 44 | Net : 16<br>2. <strong>Cl\u00e9ment VINCENT \/ Liam BOLLENGIER<\/strong> &#8211;\u00a0Brut : 47 | Net : 21<\/p>\n\n\n\n<p><strong>Bravo \u00e0 l\u2019ensemble des participants<\/strong>\u00a0pour cette \u00e9dition n\u00b04 \u00ab\u00a0T&rsquo;as le Track ?!\u00a0\u00bb<\/p>\n\n\n\n<div class=\"wp-block-columns is-layout-flex wp-container-core-columns-is-layout-9d6595d7 wp-block-columns-is-layout-flex\">\n<div class=\"wp-block-column is-layout-flow wp-block-column-is-layout-flow\">\n<figure class=\"wp-block-image size-full\"><img loading=\"lazy\" decoding=\"async\" width=\"530\" height=\"300\" src=\"https:\/\/liguegolfbfc.org\/wp-content\/uploads\/2026\/04\/kbk.png\" alt=\"\" class=\"wp-image-20151\" srcset=\"https:\/\/liguegolfbfc.org\/wp-content\/uploads\/2026\/04\/kbk.png 530w, https:\/\/liguegolfbfc.org\/wp-content\/uploads\/2026\/04\/kbk-300x170.png 300w\" sizes=\"auto, (max-width: 530px) 100vw, 530px\" \/><\/figure>\n<\/div>\n\n\n\n<div class=\"wp-block-column is-layout-flow wp-block-column-is-layout-flow\">\n<figure class=\"wp-block-image size-full\"><img loading=\"lazy\" decoding=\"async\" width=\"530\" height=\"300\" src=\"https:\/\/liguegolfbfc.org\/wp-content\/uploads\/2026\/04\/Page-pour-la-ligue.png\" alt=\"\" class=\"wp-image-20147\" srcset=\"https:\/\/liguegolfbfc.org\/wp-content\/uploads\/2026\/04\/Page-pour-la-ligue.png 530w, https:\/\/liguegolfbfc.org\/wp-content\/uploads\/2026\/04\/Page-pour-la-ligue-300x170.png 300w\" sizes=\"auto, (max-width: 530px) 100vw, 530px\" \/><\/figure>\n<\/div>\n\n\n\n<div class=\"wp-block-column is-layout-flow wp-block-column-is-layout-flow\">\n<figure class=\"wp-block-image size-full\"><img loading=\"lazy\" decoding=\"async\" width=\"530\" height=\"300\" src=\"https:\/\/liguegolfbfc.org\/wp-content\/uploads\/2026\/04\/sx.png\" alt=\"\" class=\"wp-image-20150\" srcset=\"https:\/\/liguegolfbfc.org\/wp-content\/uploads\/2026\/04\/sx.png 530w, https:\/\/liguegolfbfc.org\/wp-content\/uploads\/2026\/04\/sx-300x170.png 300w\" sizes=\"auto, (max-width: 530px) 100vw, 530px\" \/><\/figure>\n<\/div>\n<\/div>\n\n\n\n<p><\/p>\n","protected":false},"excerpt":{"rendered":"<p>La comp\u00e9tition indoor sur TrackMan est propos\u00e9e aux jeunes des \u00e9coles de golf.&nbsp;Organis\u00e9e sur 9 trous en formule greensome, elle permet aux joueurs de continuer \u00e0 pratiquer dans un format ludique, accessible et formateur pendant la p\u00e9riode hivernale. Cette animation permet de maintenir une pratique sportive tout au long de la saison. Cette \u00e9preuve permet [&hellip;]<\/p>\n","protected":false},"author":1,"featured_media":0,"parent":0,"menu_order":0,"comment_status":"closed","ping_status":"closed","template":"","meta":{"footnotes":""},"class_list":["post-20058","page","type-page","status-publish","hentry"],"jetpack_sharing_enabled":true,"_links":{"self":[{"href":"https:\/\/liguegolfbfc.org\/index.php\/wp-json\/wp\/v2\/pages\/20058","targetHints":{"allow":["GET"]}}],"collection":[{"href":"https:\/\/liguegolfbfc.org\/index.php\/wp-json\/wp\/v2\/pages"}],"about":[{"href":"https:\/\/liguegolfbfc.org\/index.php\/wp-json\/wp\/v2\/types\/page"}],"author":[{"embeddable":true,"href":"https:\/\/liguegolfbfc.org\/index.php\/wp-json\/wp\/v2\/users\/1"}],"replies":[{"embeddable":true,"href":"https:\/\/liguegolfbfc.org\/index.php\/wp-json\/wp\/v2\/comments?post=20058"}],"version-history":[{"count":9,"href":"https:\/\/liguegolfbfc.org\/index.php\/wp-json\/wp\/v2\/pages\/20058\/revisions"}],"predecessor-version":[{"id":20152,"href":"https:\/\/liguegolfbfc.org\/index.php\/wp-json\/wp\/v2\/pages\/20058\/revisions\/20152"}],"wp:attachment":[{"href":"https:\/\/liguegolfbfc.org\/index.php\/wp-json\/wp\/v2\/media?parent=20058"}],"curies":[{"name":"wp","href":"https:\/\/api.w.org\/{rel}","templated":true}]}}