{"id":180,"date":"2020-03-10T12:24:24","date_gmt":"2020-03-10T11:24:24","guid":{"rendered":"http:\/\/liguegolfbfc.org\/?page_id=180"},"modified":"2025-03-06T15:10:07","modified_gmt":"2025-03-06T14:10:07","slug":"bourgogne-golf-nivernais","status":"publish","type":"page","link":"https:\/\/liguegolfbfc.org\/index.php\/bourgogne-golf-nivernais\/","title":{"rendered":"BOURGOGNE | GOLF DU NIVERNAIS"},"content":{"rendered":"<div class=\"wp-block-image\">\n<figure class=\"alignright size-large\"><img loading=\"lazy\" decoding=\"async\" width=\"300\" height=\"300\" src=\"http:\/\/liguegolfbfc.org\/wp-content\/uploads\/2020\/03\/nivernais-logo.jpg\" alt=\"\" class=\"wp-image-803\" srcset=\"https:\/\/liguegolfbfc.org\/wp-content\/uploads\/2020\/03\/nivernais-logo.jpg 300w, https:\/\/liguegolfbfc.org\/wp-content\/uploads\/2020\/03\/nivernais-logo-150x150.jpg 150w\" sizes=\"auto, (max-width: 300px) 100vw, 300px\" \/><\/figure><\/div>\n\n\n<p><strong>Golf Public du Nivernais<\/strong><\/p>\n\n\n\n<p>Le\nBardonnay<\/p>\n\n\n\n<p>58470\nMagny-cours<\/p>\n\n\n\n<p>Tel : 03 86 58 18 30<\/p>\n\n\n\n<p>Site Web du Club : <a href=\"http:\/\/golf-du-nivernais.com\" target=\"_blank\" rel=\"noreferrer noopener\">www.golf-du-nivernais.com<\/a><\/p>\n\n\n\n<p>FaceBook Club : <a aria-label=\" (s\u2019ouvre dans un nouvel onglet)\" rel=\"noreferrer noopener\" href=\"https:\/\/www.facebook.com\/golfpublicdunivernais\" target=\"_blank\">@GolfPublicDuNivernais<\/a><\/p>\n\n\n\n<p><strong>Association Sportive<\/strong><\/p>\n\n\n\n<p>Le Pr\u00e9sident : ROUSSAT Olivier<\/p>\n\n\n\n<p>Nombre de membres :  400<\/p>\n\n\n\n<p>FaceBook AS : nc<\/p>\n\n\n\n<p><strong>Equipement<\/strong><\/p>\n\n\n\n<p>Parcours 18 trous.<\/p>\n\n\n\n<figure class=\"wp-block-gallery has-nested-images columns-default is-cropped wp-block-gallery-1 is-layout-flex wp-block-gallery-is-layout-flex\">\n<figure class=\"wp-block-image size-large\"><a href=\"https:\/\/liguegolfbfc.org\/wp-content\/uploads\/2020\/03\/Boutique-1-GPN.jpg\" data-rel=\"lightbox-gallery-vXX4h3Jn\" data-rl_title=\"\" data-rl_caption=\"\" title=\"\"><img loading=\"lazy\" decoding=\"async\" width=\"1024\" height=\"768\" data-id=\"805\" src=\"https:\/\/liguegolfbfc.org\/wp-content\/uploads\/2020\/03\/Boutique-1-GPN-1024x768.jpg\" alt=\"\" class=\"wp-image-805\" srcset=\"https:\/\/liguegolfbfc.org\/wp-content\/uploads\/2020\/03\/Boutique-1-GPN-1024x768.jpg 1024w, https:\/\/liguegolfbfc.org\/wp-content\/uploads\/2020\/03\/Boutique-1-GPN-300x225.jpg 300w, https:\/\/liguegolfbfc.org\/wp-content\/uploads\/2020\/03\/Boutique-1-GPN-768x576.jpg 768w, https:\/\/liguegolfbfc.org\/wp-content\/uploads\/2020\/03\/Boutique-1-GPN.jpg 1357w\" sizes=\"auto, (max-width: 1024px) 100vw, 1024px\" \/><\/a><\/figure>\n\n\n\n<figure class=\"wp-block-image size-large\"><a href=\"https:\/\/liguegolfbfc.org\/wp-content\/uploads\/2020\/03\/Boutique-2-GPN-Nivernais.jpg\" data-rel=\"lightbox-gallery-vXX4h3Jn\" data-rl_title=\"\" data-rl_caption=\"\" title=\"\"><img loading=\"lazy\" decoding=\"async\" width=\"1024\" height=\"768\" data-id=\"806\" src=\"https:\/\/liguegolfbfc.org\/wp-content\/uploads\/2020\/03\/Boutique-2-GPN-Nivernais-1024x768.jpg\" alt=\"\" class=\"wp-image-806\" srcset=\"https:\/\/liguegolfbfc.org\/wp-content\/uploads\/2020\/03\/Boutique-2-GPN-Nivernais-1024x768.jpg 1024w, https:\/\/liguegolfbfc.org\/wp-content\/uploads\/2020\/03\/Boutique-2-GPN-Nivernais-300x225.jpg 300w, https:\/\/liguegolfbfc.org\/wp-content\/uploads\/2020\/03\/Boutique-2-GPN-Nivernais-768x576.jpg 768w, https:\/\/liguegolfbfc.org\/wp-content\/uploads\/2020\/03\/Boutique-2-GPN-Nivernais.jpg 1357w\" sizes=\"auto, (max-width: 1024px) 100vw, 1024px\" \/><\/a><\/figure>\n\n\n\n<figure class=\"wp-block-image size-large\"><a href=\"https:\/\/liguegolfbfc.org\/wp-content\/uploads\/2020\/03\/Brasserie-GPNivernais.jpg\" data-rel=\"lightbox-gallery-vXX4h3Jn\" data-rl_title=\"\" data-rl_caption=\"\" title=\"\"><img loading=\"lazy\" decoding=\"async\" width=\"677\" height=\"508\" data-id=\"807\" src=\"https:\/\/liguegolfbfc.org\/wp-content\/uploads\/2020\/03\/Brasserie-GPNivernais.jpg\" alt=\"\" class=\"wp-image-807\" srcset=\"https:\/\/liguegolfbfc.org\/wp-content\/uploads\/2020\/03\/Brasserie-GPNivernais.jpg 677w, https:\/\/liguegolfbfc.org\/wp-content\/uploads\/2020\/03\/Brasserie-GPNivernais-300x225.jpg 300w\" sizes=\"auto, (max-width: 677px) 100vw, 677px\" \/><\/a><\/figure>\n\n\n\n<figure class=\"wp-block-image size-large\"><a href=\"https:\/\/liguegolfbfc.org\/wp-content\/uploads\/2020\/03\/Coin-d\u00e9tente-t\u00e9l\u00e9-GPNivernais.jpg\" data-rel=\"lightbox-gallery-vXX4h3Jn\" data-rl_title=\"\" data-rl_caption=\"\" title=\"\"><img loading=\"lazy\" decoding=\"async\" width=\"677\" height=\"508\" data-id=\"808\" src=\"https:\/\/liguegolfbfc.org\/wp-content\/uploads\/2020\/03\/Coin-d\u00e9tente-t\u00e9l\u00e9-GPNivernais.jpg\" alt=\"\" class=\"wp-image-808\" srcset=\"https:\/\/liguegolfbfc.org\/wp-content\/uploads\/2020\/03\/Coin-d\u00e9tente-t\u00e9l\u00e9-GPNivernais.jpg 677w, https:\/\/liguegolfbfc.org\/wp-content\/uploads\/2020\/03\/Coin-d\u00e9tente-t\u00e9l\u00e9-GPNivernais-300x225.jpg 300w\" sizes=\"auto, (max-width: 677px) 100vw, 677px\" \/><\/a><\/figure>\n\n\n\n<figure class=\"wp-block-image size-large\"><a href=\"https:\/\/liguegolfbfc.org\/wp-content\/uploads\/2020\/03\/D\u00e9part-Trou-1-GPN-Nivernais-scaled.jpg\" data-rel=\"lightbox-gallery-vXX4h3Jn\" data-rl_title=\"\" data-rl_caption=\"\" title=\"\"><img loading=\"lazy\" decoding=\"async\" width=\"1024\" height=\"768\" data-id=\"809\" src=\"https:\/\/liguegolfbfc.org\/wp-content\/uploads\/2020\/03\/D\u00e9part-Trou-1-GPN-Nivernais-1024x768.jpg\" alt=\"\" class=\"wp-image-809\" srcset=\"https:\/\/liguegolfbfc.org\/wp-content\/uploads\/2020\/03\/D\u00e9part-Trou-1-GPN-Nivernais-1024x768.jpg 1024w, https:\/\/liguegolfbfc.org\/wp-content\/uploads\/2020\/03\/D\u00e9part-Trou-1-GPN-Nivernais-300x225.jpg 300w, https:\/\/liguegolfbfc.org\/wp-content\/uploads\/2020\/03\/D\u00e9part-Trou-1-GPN-Nivernais-768x576.jpg 768w, https:\/\/liguegolfbfc.org\/wp-content\/uploads\/2020\/03\/D\u00e9part-Trou-1-GPN-Nivernais-1536x1152.jpg 1536w, https:\/\/liguegolfbfc.org\/wp-content\/uploads\/2020\/03\/D\u00e9part-Trou-1-GPN-Nivernais-2048x1536.jpg 2048w\" sizes=\"auto, (max-width: 1024px) 100vw, 1024px\" \/><\/a><\/figure>\n<\/figure>\n\n\n\n<iframe loading=\"lazy\" width=\"100%\" height=\"450\" tabindex=\"0\" aria-hidden=\"false\" src=\"https:\/\/www.google.com\/maps\/embed?pb=!1m18!1m12!1m3!1d84196.28779932103!2d3.133743535406435!3d46.86617806364248!2m3!1f0!2f0!3f0!3m2!1i1024!2i768!4f13.1!3m3!1m2!1s0x47f050dab0ca8f03%3A0x64dd29cb5d5ff4ad!2sGolf%20Public%20du%20Nivernais!5e0!3m2!1sfr!2sfr!4v1584695668842!5m2!1sfr!2sfr\" frameborder=\"0\" allowfullscreen=\"\" style=\"border:0;\"><\/iframe>\n","protected":false},"excerpt":{"rendered":"<p>Golf Public du Nivernais Le Bardonnay 58470 Magny-cours Tel : 03 86 58 18 30 Site Web du Club : www.golf-du-nivernais.com FaceBook Club : @GolfPublicDuNivernais Association Sportive Le Pr\u00e9sident : ROUSSAT Olivier Nombre de membres : 400 FaceBook AS : nc Equipement Parcours 18 trous.<\/p>\n","protected":false},"author":1,"featured_media":0,"parent":0,"menu_order":0,"comment_status":"closed","ping_status":"closed","template":"page-templates\/page-builder.php","meta":{"footnotes":""},"class_list":["post-180","page","type-page","status-publish","hentry"],"jetpack_sharing_enabled":true,"_links":{"self":[{"href":"https:\/\/liguegolfbfc.org\/index.php\/wp-json\/wp\/v2\/pages\/180","targetHints":{"allow":["GET"]}}],"collection":[{"href":"https:\/\/liguegolfbfc.org\/index.php\/wp-json\/wp\/v2\/pages"}],"about":[{"href":"https:\/\/liguegolfbfc.org\/index.php\/wp-json\/wp\/v2\/types\/page"}],"author":[{"embeddable":true,"href":"https:\/\/liguegolfbfc.org\/index.php\/wp-json\/wp\/v2\/users\/1"}],"replies":[{"embeddable":true,"href":"https:\/\/liguegolfbfc.org\/index.php\/wp-json\/wp\/v2\/comments?post=180"}],"version-history":[{"count":11,"href":"https:\/\/liguegolfbfc.org\/index.php\/wp-json\/wp\/v2\/pages\/180\/revisions"}],"predecessor-version":[{"id":17001,"href":"https:\/\/liguegolfbfc.org\/index.php\/wp-json\/wp\/v2\/pages\/180\/revisions\/17001"}],"wp:attachment":[{"href":"https:\/\/liguegolfbfc.org\/index.php\/wp-json\/wp\/v2\/media?parent=180"}],"curies":[{"name":"wp","href":"https:\/\/api.w.org\/{rel}","templated":true}]}}