{"id":159,"date":"2020-03-10T09:25:35","date_gmt":"2020-03-10T08:25:35","guid":{"rendered":"http:\/\/liguegolfbfc.org\/?page_id=159"},"modified":"2026-04-07T15:09:04","modified_gmt":"2026-04-07T13:09:04","slug":"cd-71-comite-departemental-saone-et-loire","status":"publish","type":"page","link":"https:\/\/liguegolfbfc.org\/index.php\/cd-71-comite-departemental-saone-et-loire\/","title":{"rendered":"CD 71 | COMITE D\u00c9PARTEMENTAL SA\u00d4NE ET LOIRE"},"content":{"rendered":"\n<div class=\"wp-block-columns is-layout-flex wp-container-core-columns-is-layout-9d6595d7 wp-block-columns-is-layout-flex\">\n<div class=\"wp-block-column is-layout-flow wp-block-column-is-layout-flow\">\n<figure class=\"wp-block-image size-large is-resized\"><img loading=\"lazy\" decoding=\"async\" width=\"761\" height=\"1024\" src=\"https:\/\/liguegolfbfc.org\/wp-content\/uploads\/2026\/01\/LOGO-2025-ligue-golf-BFC-761x1024.png\" alt=\"\" class=\"wp-image-19359\" style=\"width:145px;height:auto\" srcset=\"https:\/\/liguegolfbfc.org\/wp-content\/uploads\/2026\/01\/LOGO-2025-ligue-golf-BFC-761x1024.png 761w, https:\/\/liguegolfbfc.org\/wp-content\/uploads\/2026\/01\/LOGO-2025-ligue-golf-BFC-223x300.png 223w, https:\/\/liguegolfbfc.org\/wp-content\/uploads\/2026\/01\/LOGO-2025-ligue-golf-BFC-768x1033.png 768w, https:\/\/liguegolfbfc.org\/wp-content\/uploads\/2026\/01\/LOGO-2025-ligue-golf-BFC-1142x1536.png 1142w, https:\/\/liguegolfbfc.org\/wp-content\/uploads\/2026\/01\/LOGO-2025-ligue-golf-BFC-1522x2048.png 1522w, https:\/\/liguegolfbfc.org\/wp-content\/uploads\/2026\/01\/LOGO-2025-ligue-golf-BFC.png 1713w\" sizes=\"auto, (max-width: 761px) 100vw, 761px\" \/><\/figure>\n<\/div>\n\n\n\n<div class=\"wp-block-column is-layout-flow wp-block-column-is-layout-flow\">\n<p><strong>CD 71 | Comit\u00e9 D\u00e9partemental de Sa\u00f4ne et Loire<\/strong><br><mark style=\"background-color:rgba(0, 0, 0, 0)\" class=\"has-inline-color has-black-color\"><strong>Pr\u00e9sidente : <\/strong><\/mark><strong>LAYUS<\/strong> Genevi\u00e8ve<br><a href=\"mailto:comite.departemental71@orange.fr\">comite.departemental71@orange.fr<\/a><br>Tel : 06 24 19 03 46<\/p>\n<\/div>\n<\/div>\n\n\n\n<p><strong><a href=\"https:\/\/liguegolfbfc.org\/wp-content\/uploads\/2024\/02\/STATUTS-CD71-2024-1.pdf\" target=\"_blank\" rel=\"noreferrer noopener\">STATUTS ET RI vot\u00e9s en AGE le 24 janvier 2024<\/a><\/strong><br><a href=\"https:\/\/liguegolfbfc.org\/wp-content\/uploads\/2024\/02\/ag2023.pdf\"><strong>PV de l&rsquo;AG 2024<\/strong><\/a><strong> <\/strong><br><strong>Assembl\u00e9e G\u00e9n\u00e9rale Extraordinaire le 22\/10\/2024 <a href=\"https:\/\/liguegolfbfc.org\/wp-content\/uploads\/2024\/11\/PV-AG-elective.pdf\">Proc\u00e8s Verbal<\/a><\/strong><\/p>\n\n\n\n<hr class=\"wp-block-separator has-css-opacity\"\/>\n\n\n\n<h3 class=\"wp-block-heading has-black-color has-cyan-bluish-gray-background-color has-text-color has-background\">ANN\u00c9E 2026<\/h3>\n\n\n\n<div class=\"wp-block-buttons is-layout-flex wp-block-buttons-is-layout-flex\">\n<div class=\"wp-block-button\"><a class=\"wp-block-button__link wp-element-button\" href=\"https:\/\/liguegolfbfc.org\/wp-content\/uploads\/2026\/03\/CALENDRIER-2026.pdf\"><strong>Calendrier 2026<\/strong><\/a><\/div>\n<\/div>\n\n\n\n<p><strong>R\u00e8glement du Challenge des Ecoles de Golf<\/strong><\/p>\n\n\n\n<p><em><strong><u>Formules de jeu<\/u><\/strong><\/em><\/p>\n\n\n\n<p>Pour chaque challenge, 3 \u00e9preuves seront organis\u00e9es :<\/p>\n\n\n\n<p>&nbsp;\u2013 <strong>S\u00e9rie Espoir :<\/strong>Greensome sur 9 trous (limit\u00e9 \u00e0 9 coups\/trou)<\/p>\n\n\n\n<p>&nbsp; &nbsp; &nbsp; &nbsp; &nbsp; &nbsp; &nbsp; &nbsp; &nbsp; &nbsp; &nbsp; &nbsp; &nbsp; &nbsp; Pr\u00e9conis\u00e9 pour les joueurs non class\u00e9s drapeau jaune au minimum<\/p>\n\n\n\n<p>&nbsp;<strong>\u2013 S\u00e9rie Confirm\u00e9 : <\/strong>Score maximum individuel (limit\u00e9 \u00e0 9 coups\/trou) sur 9 trous<\/p>\n\n\n\n<p>&nbsp; &nbsp; &nbsp; &nbsp; &nbsp; &nbsp; &nbsp; &nbsp; &nbsp; &nbsp; &nbsp; &nbsp; &nbsp; &nbsp; Pr\u00e9conis\u00e9 pour les index &gt; 36 ayant le drapeau de bronze au minimum<\/p>\n\n\n\n<p><strong>&nbsp;\u2013&nbsp;S\u00e9rie Elite: <\/strong>Score maximum individuel (limit\u00e9 \u00e0 9 coups\/trou) sur 18 trous<\/p>\n\n\n\n<p>&nbsp; &nbsp; &nbsp; &nbsp; &nbsp; &nbsp; &nbsp; &nbsp; &nbsp; &nbsp; &nbsp; &nbsp; &nbsp; &nbsp; Pr\u00e9conis\u00e9 pour les index de 20 \u00e0 36<\/p>\n\n\n\n<p><em><strong><u>Marques de d\u00e9part<\/u><\/strong><\/em><em><strong>&nbsp;:<\/strong><\/em> selon la cat\u00e9gorie d\u2019\u00e2ge ou pr\u00e9conis\u00e9 par la FFG pour les 9 et 18 trous en comp\u00e9tition. D\u00e9part orange pour les greensomes.<\/p>\n\n\n\n<p><strong><em><u>Heures de d\u00e9part<\/u><\/em><\/strong><strong><em> :<\/em><\/strong>\u00e0 d\u00e9finir<\/p>\n\n\n\n<p><em><strong><u>Organisation des d\u00e9parts et recording&nbsp;<\/u><\/strong><\/em><em><strong>: <\/strong><\/em>\u00e0 la charge du club organisateur<\/p>\n\n\n\n<p><strong><em><u>Encadrement<\/u><\/em><\/strong><strong><em>&nbsp;:<\/em><\/strong> \u00e0 l\u2019initiative des \u00e9coles de golf et en accord avec le club organisateur, une personne pourra \u00eatre d\u00e9sign\u00e9e pour encadrer une partie : veiller au respect des r\u00e8gles et s\u2019assurer du bon d\u00e9compte des coups.<br>Elle n\u2019est pas autoris\u00e9e \u00e0 donner des conseils.<\/p>\n","protected":false},"excerpt":{"rendered":"<p>CD 71 | Comit\u00e9 D\u00e9partemental de Sa\u00f4ne et LoirePr\u00e9sidente : LAYUS Genevi\u00e8vecomite.departemental71@orange.frTel : 06 24 19 03 46 STATUTS ET RI vot\u00e9s en AGE le 24 janvier 2024PV de l&rsquo;AG 2024 Assembl\u00e9e G\u00e9n\u00e9rale Extraordinaire le 22\/10\/2024 Proc\u00e8s Verbal ANN\u00c9E 2026 R\u00e8glement du Challenge des Ecoles de Golf Formules de jeu Pour chaque challenge, 3 \u00e9preuves [&hellip;]<\/p>\n","protected":false},"author":1,"featured_media":0,"parent":0,"menu_order":0,"comment_status":"closed","ping_status":"closed","template":"","meta":{"footnotes":""},"class_list":["post-159","page","type-page","status-publish","hentry"],"jetpack_sharing_enabled":true,"_links":{"self":[{"href":"https:\/\/liguegolfbfc.org\/index.php\/wp-json\/wp\/v2\/pages\/159","targetHints":{"allow":["GET"]}}],"collection":[{"href":"https:\/\/liguegolfbfc.org\/index.php\/wp-json\/wp\/v2\/pages"}],"about":[{"href":"https:\/\/liguegolfbfc.org\/index.php\/wp-json\/wp\/v2\/types\/page"}],"author":[{"embeddable":true,"href":"https:\/\/liguegolfbfc.org\/index.php\/wp-json\/wp\/v2\/users\/1"}],"replies":[{"embeddable":true,"href":"https:\/\/liguegolfbfc.org\/index.php\/wp-json\/wp\/v2\/comments?post=159"}],"version-history":[{"count":79,"href":"https:\/\/liguegolfbfc.org\/index.php\/wp-json\/wp\/v2\/pages\/159\/revisions"}],"predecessor-version":[{"id":20139,"href":"https:\/\/liguegolfbfc.org\/index.php\/wp-json\/wp\/v2\/pages\/159\/revisions\/20139"}],"wp:attachment":[{"href":"https:\/\/liguegolfbfc.org\/index.php\/wp-json\/wp\/v2\/media?parent=159"}],"curies":[{"name":"wp","href":"https:\/\/api.w.org\/{rel}","templated":true}]}}