{"id":1573,"date":"2020-04-02T11:48:51","date_gmt":"2020-04-02T09:48:51","guid":{"rendered":"http:\/\/liguegolfbfc.org\/?page_id=1573"},"modified":"2023-07-05T15:06:30","modified_gmt":"2023-07-05T13:06:30","slug":"golfez-a-la-maison","status":"publish","type":"page","link":"https:\/\/liguegolfbfc.org\/index.php\/golfez-a-la-maison\/","title":{"rendered":"Suivez les entrainements de l&rsquo;Acad\u00e9mie"},"content":{"rendered":"\n<p class=\"has-medium-font-size\">Vous pouvez retrouver ici les derni\u00e8res vid\u00e9os ou les derniers documents de la FFGolf pour vous entrainer. Technique, physique, mental, vous trouverez forc\u00e9ment ce qu&rsquo;il vous faut !<\/p>\n\n\n\n<p class=\"has-very-light-gray-color has-text-color has-background has-medium-font-size\" style=\"background-color:#c63328\"><strong>ENTRAINEMENT ET TECHNIQUE<\/strong><\/p>\n\n\n\n<div class=\"wp-block-columns is-layout-flex wp-container-core-columns-is-layout-9d6595d7 wp-block-columns-is-layout-flex\">\n<div class=\"wp-block-column is-layout-flow wp-block-column-is-layout-flow\">\n<h2 class=\"wp-block-heading has-text-align-center\">L&rsquo;Acad\u00e9mie<\/h2>\n\n\n\n<figure class=\"wp-block-embed aligncenter is-type-video is-provider-youtube wp-block-embed-youtube wp-embed-aspect-16-9 wp-has-aspect-ratio\"><div class=\"wp-block-embed__wrapper\">\n<iframe loading=\"lazy\" title=\"Sortie de BUNKER, lie en DESCENTE \ud83e\udd76\" width=\"793\" height=\"446\" src=\"https:\/\/www.youtube.com\/embed\/Bkzj2icMGuU?list=PLTSeJNc_pLLb6tofEsrBanpF0DlTVz6LU\" frameborder=\"0\" allow=\"accelerometer; autoplay; clipboard-write; encrypted-media; gyroscope; picture-in-picture; web-share\" allowfullscreen><\/iframe>\n<\/div><\/figure>\n<\/div>\n\n\n\n<div class=\"wp-block-column is-layout-flow wp-block-column-is-layout-flow\">\n<h2 class=\"wp-block-heading has-text-align-center\">Duo de Tips<\/h2>\n\n\n\n<figure class=\"wp-block-embed aligncenter is-type-video is-provider-youtube wp-block-embed-youtube wp-embed-aspect-16-9 wp-has-aspect-ratio\"><div class=\"wp-block-embed__wrapper\">\n<iframe loading=\"lazy\" title=\"La BALLE BASSE : quelle attitude adopter ?\" width=\"793\" height=\"446\" src=\"https:\/\/www.youtube.com\/embed\/3vqVg5QGCrc?list=PLTSeJNc_pLLambTBuiePA4rUnVD1IjZX_\" frameborder=\"0\" allow=\"accelerometer; autoplay; clipboard-write; encrypted-media; gyroscope; picture-in-picture; web-share\" allowfullscreen><\/iframe>\n<\/div><\/figure>\n<\/div>\n<\/div>\n\n\n\n<h2 class=\"wp-block-heading has-text-align-center\">L&rsquo;entrainement du mois<\/h2>\n\n\n\n<figure class=\"wp-block-embed is-type-video is-provider-youtube wp-block-embed-youtube wp-embed-aspect-16-9 wp-has-aspect-ratio\"><div class=\"wp-block-embed__wrapper\">\n<iframe loading=\"lazy\" title=\"Votre ENTRA\u00ceNEMENT de juillet\" width=\"793\" height=\"446\" src=\"https:\/\/www.youtube.com\/embed\/fkAuz4cYUyU?list=PLTSeJNc_pLLZ8fVDxFD86KVeikb9G1qoM\" frameborder=\"0\" allow=\"accelerometer; autoplay; clipboard-write; encrypted-media; gyroscope; picture-in-picture; web-share\" allowfullscreen><\/iframe>\n<\/div><\/figure>\n\n\n\n<p class=\"has-very-light-gray-color has-text-color has-background has-medium-font-size\" style=\"background-color:#c63328\"><strong>LE PHYSIQUE<\/strong><\/p>\n\n\n\n<h2 class=\"wp-block-heading has-text-align-center\">Muscle ton Swing<\/h2>\n\n\n\n<figure class=\"wp-block-embed aligncenter is-type-video is-provider-youtube wp-block-embed-youtube wp-embed-aspect-16-9 wp-has-aspect-ratio\"><div class=\"wp-block-embed__wrapper\">\n<iframe loading=\"lazy\" title=\"La s\u00e9ance de YOGA sp\u00e9cial GOLF\" width=\"793\" height=\"446\" src=\"https:\/\/www.youtube.com\/embed\/32LIOAY1uRY?list=PLTSeJNc_pLLb6tofEsrBanpF0DlTVz6LU\" frameborder=\"0\" allow=\"accelerometer; autoplay; clipboard-write; encrypted-media; gyroscope; picture-in-picture; web-share\" allowfullscreen><\/iframe>\n<\/div><\/figure>\n\n\n\n<p class=\"has-very-light-gray-color has-text-color has-background has-medium-font-size\" style=\"background-color:#c63328\"><strong>Mental<\/strong><\/p>\n\n\n\n<p>La s\u00e9rie de Podcasts \u00ab\u00a0Parcours Int\u00e9rieur\u00a0\u00bb de la FFGolf permet d&rsquo;en savoir plus sur les enjeux de la pr\u00e9paration mentale sur les performances des golfeurs, peu importe le niveau.<\/p>\n\n\n\n<p>Vous pouvez retrouver toute le s\u00e9rie de podacsts sur le site de le F\u00e9d\u00e9ration Fran\u00e7aise de Golf en cliquant <strong><a href=\"https:\/\/www.ffgolf.org\/multimedia\/podcasts\/enseignement2\/parcours-interieur\/parcours-interieur-10-le-surentrainement-ou-burnout\" data-type=\"URL\" data-id=\"https:\/\/www.ffgolf.org\/multimedia\/podcasts\/enseignement2\/parcours-interieur\/parcours-interieur-10-le-surentrainement-ou-burnout\" target=\"_blank\" rel=\"noreferrer noopener\">ici<\/a><\/strong><br><\/p>\n","protected":false},"excerpt":{"rendered":"<p>Vous pouvez retrouver ici les derni\u00e8res vid\u00e9os ou les derniers documents de la FFGolf pour vous entrainer. Technique, physique, mental, vous trouverez forc\u00e9ment ce qu&rsquo;il vous faut ! ENTRAINEMENT ET TECHNIQUE L&rsquo;Acad\u00e9mie Duo de Tips L&rsquo;entrainement du mois LE PHYSIQUE Muscle ton Swing Mental La s\u00e9rie de Podcasts \u00ab\u00a0Parcours Int\u00e9rieur\u00a0\u00bb de la FFGolf permet d&rsquo;en [&hellip;]<\/p>\n","protected":false},"author":1,"featured_media":0,"parent":0,"menu_order":0,"comment_status":"closed","ping_status":"closed","template":"page-templates\/page-full-width.php","meta":{"footnotes":""},"class_list":["post-1573","page","type-page","status-publish","hentry"],"jetpack_sharing_enabled":true,"_links":{"self":[{"href":"https:\/\/liguegolfbfc.org\/index.php\/wp-json\/wp\/v2\/pages\/1573","targetHints":{"allow":["GET"]}}],"collection":[{"href":"https:\/\/liguegolfbfc.org\/index.php\/wp-json\/wp\/v2\/pages"}],"about":[{"href":"https:\/\/liguegolfbfc.org\/index.php\/wp-json\/wp\/v2\/types\/page"}],"author":[{"embeddable":true,"href":"https:\/\/liguegolfbfc.org\/index.php\/wp-json\/wp\/v2\/users\/1"}],"replies":[{"embeddable":true,"href":"https:\/\/liguegolfbfc.org\/index.php\/wp-json\/wp\/v2\/comments?post=1573"}],"version-history":[{"count":12,"href":"https:\/\/liguegolfbfc.org\/index.php\/wp-json\/wp\/v2\/pages\/1573\/revisions"}],"predecessor-version":[{"id":12937,"href":"https:\/\/liguegolfbfc.org\/index.php\/wp-json\/wp\/v2\/pages\/1573\/revisions\/12937"}],"wp:attachment":[{"href":"https:\/\/liguegolfbfc.org\/index.php\/wp-json\/wp\/v2\/media?parent=1573"}],"curies":[{"name":"wp","href":"https:\/\/api.w.org\/{rel}","templated":true}]}}