{"id":1424,"date":"2020-03-31T12:46:51","date_gmt":"2020-03-31T10:46:51","guid":{"rendered":"http:\/\/liguegolfbfc.org\/?page_id=1424"},"modified":"2025-10-06T20:45:49","modified_gmt":"2025-10-06T18:45:49","slug":"golf-entreprise-pitch-putt","status":"publish","type":"page","link":"https:\/\/liguegolfbfc.org\/index.php\/golf-entreprise-pitch-putt\/","title":{"rendered":"ENTREPRISE &#8211; PITCH &#038; PUTT"},"content":{"rendered":"\n<h2 class=\"wp-block-heading\"><strong>Qualification r\u00e9gionale 2026<\/strong><\/h2>\n\n\n\n<p><em>La Finale Nationale du Pitch &amp; Putt dans le golf d&rsquo;Entreprise aura lieu les 11 et 12 avril 2026 au golf de Port Bourgenay.<\/em><\/p>\n\n\n\n<p class=\"has-vivid-red-color has-text-color\"><strong>Qualification 2026 &#8211;<\/strong> <strong>Samedi 04 octobre &#8211; Golf des 4 saisons<\/strong><\/p>\n\n\n\n<figure class=\"wp-block-image size-full is-resized\"><img loading=\"lazy\" decoding=\"async\" width=\"537\" height=\"1012\" src=\"https:\/\/liguegolfbfc.org\/wp-content\/uploads\/2025\/10\/PP26-CMCAS.jpg\" alt=\"\" class=\"wp-image-18993\" style=\"width:177px;height:auto\" srcset=\"https:\/\/liguegolfbfc.org\/wp-content\/uploads\/2025\/10\/PP26-CMCAS.jpg 537w, https:\/\/liguegolfbfc.org\/wp-content\/uploads\/2025\/10\/PP26-CMCAS-159x300.jpg 159w\" sizes=\"auto, (max-width: 537px) 100vw, 537px\" \/><figcaption class=\"wp-element-caption\"><strong>CSE CMCAS Bge<\/strong> remporte cette qualification r\u00e9gionale de Pitch &amp; Putt pour la premi\u00e8re fois.<\/figcaption><\/figure>\n\n\n\n<div data-wp-interactive=\"core\/file\" class=\"wp-block-file\"><object data-wp-bind--hidden=\"!state.hasPdfPreview\" hidden class=\"wp-block-file__embed\" data=\"https:\/\/liguegolfbfc.org\/wp-content\/uploads\/2025\/10\/251005-CR-PP-qualif-2026.pdf\" type=\"application\/pdf\" style=\"width:100%;height:200px\" aria-label=\"Contenu embarqu\u00e9 251005--CR P&amp;P qualif 2026.\"><\/object><a id=\"wp-block-file--media-6b0e6fb4-b1b8-4f24-8c53-c7217a29369b\" href=\"https:\/\/liguegolfbfc.org\/wp-content\/uploads\/2025\/10\/251005-CR-PP-qualif-2026.pdf\">251005&#8211;CR P&#038;P qualif 2026<\/a><a href=\"https:\/\/liguegolfbfc.org\/wp-content\/uploads\/2025\/10\/251005-CR-PP-qualif-2026.pdf\" class=\"wp-block-file__button wp-element-button\" download aria-describedby=\"wp-block-file--media-6b0e6fb4-b1b8-4f24-8c53-c7217a29369b\">T\u00e9l\u00e9charger<\/a><\/div>\n\n\n\n<div data-wp-interactive=\"core\/file\" class=\"wp-block-file\"><object data-wp-bind--hidden=\"!state.hasPdfPreview\" hidden class=\"wp-block-file__embed\" data=\"https:\/\/liguegolfbfc.org\/wp-content\/uploads\/2025\/10\/Resultats-PP-2026.pdf\" type=\"application\/pdf\" style=\"width:100%;height:240px\" aria-label=\"Contenu embarqu\u00e9 R\u00e9sultats P&amp;P 2026.\"><\/object><a id=\"wp-block-file--media-e8fdc98a-3740-4e65-ab73-0c528a546dc8\" href=\"https:\/\/liguegolfbfc.org\/wp-content\/uploads\/2025\/10\/Resultats-PP-2026.pdf\">R\u00e9sultats P&amp;P 2026<\/a><a href=\"https:\/\/liguegolfbfc.org\/wp-content\/uploads\/2025\/10\/Resultats-PP-2026.pdf\" class=\"wp-block-file__button wp-element-button\" download aria-describedby=\"wp-block-file--media-e8fdc98a-3740-4e65-ab73-0c528a546dc8\">T\u00e9l\u00e9charger<\/a><\/div>\n\n\n\n<figure class=\"wp-block-image size-full is-resized\"><img loading=\"lazy\" decoding=\"async\" width=\"100\" height=\"100\" src=\"https:\/\/liguegolfbfc.org\/wp-content\/uploads\/2025\/09\/image.png\" alt=\"\" class=\"wp-image-18874\" style=\"width:121px;height:121px\"\/><\/figure>\n\n\n\n<p>Equipe de 2 titulaires pour la qualification &#8211; 2 meilleurs scores de titulaires par AS<\/p>\n\n\n\n<h2 class=\"wp-block-heading\">Finale nationale Pitch &amp; Putt des AS d&rsquo;Entreprise 2025<\/h2>\n\n\n\n<p>Disput\u00e9 les 5 et 6 avril sur le parcours du golf du<strong> Val-d&rsquo;Auzon<\/strong>, le championnat de France de pitch &amp; putt par \u00e9quipes d&rsquo;entreprise a \u00e9t\u00e9 remport\u00e9 par la paire de Cannes-Espace compos\u00e9e d&rsquo;<strong>Olivier Brize<\/strong> (d\u00e9j\u00e0 vainqueur de la Coupe des Pr\u00e9sidents d&rsquo;AS Entreprise) et Xavier Fran\u00e7ois.<\/p>\n\n\n\n<p>2fopen25 termine \u00e0 la 7\u00e8me place &#8211; R\u00e9sultats plus qu&rsquo;honorable. F\u00e9licitations \u00e0 vous deux. <\/p>\n\n\n\n<p>369 pts sur 72 trous , \u00e0 18 pts des vainqueurs.<\/p>\n\n\n\n<figure class=\"wp-block-image size-full is-resized\"><img loading=\"lazy\" decoding=\"async\" width=\"1000\" height=\"563\" src=\"https:\/\/liguegolfbfc.org\/wp-content\/uploads\/2025\/04\/8e274b8dcd09-20250406_155530.jpg.webp\" alt=\"\" class=\"wp-image-17419\" style=\"width:304px;height:170px\" srcset=\"https:\/\/liguegolfbfc.org\/wp-content\/uploads\/2025\/04\/8e274b8dcd09-20250406_155530.jpg.webp 1000w, https:\/\/liguegolfbfc.org\/wp-content\/uploads\/2025\/04\/8e274b8dcd09-20250406_155530.jpg-300x169.webp 300w, https:\/\/liguegolfbfc.org\/wp-content\/uploads\/2025\/04\/8e274b8dcd09-20250406_155530.jpg-768x432.webp 768w\" sizes=\"auto, (max-width: 1000px) 100vw, 1000px\" \/><\/figure>\n\n\n\n<p>Les m\u00e9daill\u00e9s du week-end au golf du Val-d&rsquo;Auzon.&nbsp;<em>\u00a9 ffgolf<\/em><\/p>\n\n\n\n<p><a href=\"https:\/\/www.ffgolf.org\/golf-amateur\/golf-entreprise\/calendrier-resultats\/national-international\/2025\/championnat-de-france-de-pitch-putt-par-equipes-d-entreprise\/page-scores-tournoi\" data-type=\"URL\" data-id=\"https:\/\/www.ffgolf.org\/golf-amateur\/golf-entreprise\/calendrier-resultats\/national-international\/2025\/championnat-de-france-de-pitch-putt-par-equipes-d-entreprise\/page-scores-tournoi\">Tous les r\u00e9sultats sur le site de FFG<\/a><\/p>\n\n\n\n<p class=\"has-medium-font-size\"><strong>Samedi 05 avril  &#8211; Golf du Val d&rsquo;Auzon (Auvergne)<\/strong><\/p>\n\n\n\n<p><strong>Florent nous raconte :<\/strong><\/p>\n\n\n\n<p>Bonjour , voici un r\u00e9sum\u00e9 du premier jour au Val d&rsquo;Auzon : Journ\u00e9e bien remplie sous le soleil auvergnat :<\/p>\n\n\n\n<p>18 trous de reconnaissance le matin \u00e0 partir de 8h30 puis 2 tours de Pitch &amp; Putt sur les 18 trous du golf du Val d&rsquo;Auzon. Soient 54 trous pour cette premi\u00e8re journ\u00e9e &#8230;<\/p>\n\n\n\n<p>Parcours int\u00e9ressant avec petit ruisseau serpentant au milieu des trous. Greens fa\u00e7on miniatures exigeant pr\u00e9cision et toucher de balle.<\/p>\n\n\n\n<p class=\"has-vivid-red-color has-text-color\">Les 3 meilleures cartes de la 2FOPEN 25 sont <strong>60, 61 et 63<\/strong> (par total = 54). On est<strong> 6e<\/strong> \u00e0 l&rsquo;issue du 1er tour (sur 27 \u00e9quipes) \u00e0 10 coups de la premi\u00e8re place (Airbus H\u00e9licopt\u00e8res qui ont \u00ab\u00a0plan\u00e9\u00a0\u00bb sur la comp\u00e9tition).<\/p>\n\n\n\n<p>La suite et fin demain dimanche avec 2 tours \u00e0 partir de 9h. @ plus<\/p>\n\n\n\n<figure class=\"wp-block-image size-large is-resized\"><img loading=\"lazy\" decoding=\"async\" width=\"1024\" height=\"946\" src=\"https:\/\/liguegolfbfc.org\/wp-content\/uploads\/2025\/04\/IMG_1188-1024x946.jpg\" alt=\"\" class=\"wp-image-17408\" style=\"width:248px;height:229px\" srcset=\"https:\/\/liguegolfbfc.org\/wp-content\/uploads\/2025\/04\/IMG_1188-1024x946.jpg 1024w, https:\/\/liguegolfbfc.org\/wp-content\/uploads\/2025\/04\/IMG_1188-300x277.jpg 300w, https:\/\/liguegolfbfc.org\/wp-content\/uploads\/2025\/04\/IMG_1188-768x709.jpg 768w, https:\/\/liguegolfbfc.org\/wp-content\/uploads\/2025\/04\/IMG_1188.jpg 1522w\" sizes=\"auto, (max-width: 1024px) 100vw, 1024px\" \/><\/figure>\n\n\n\n<p>Florent BOURGEOIS et Jean Baptiste R\u00d6DEL  &#8211; Equipe de 2FOPEN25<\/p>\n\n\n\n<blockquote class=\"wp-block-quote is-layout-flow wp-block-quote-is-layout-flow\">\n<p><a href=\"https:\/\/www.ffgolf.org\/golf-amateur\/golf-entreprise\/calendrier-resultats\/national-international\/2025\/championnat-de-france-de-pitch-putt-par-equipes-d-entreprise\/page-scores-tournoi\" data-type=\"URL\" data-id=\"https:\/\/www.ffgolf.org\/golf-amateur\/golf-entreprise\/calendrier-resultats\/national-international\/2025\/championnat-de-france-de-pitch-putt-par-equipes-d-entreprise\/page-scores-tournoi\">Tous les r\u00e9sultats sur le site FFG<\/a><\/p>\n\n\n\n<h2 class=\"wp-block-heading\">Qualification r\u00e9gionale 2025<\/h2>\n\n\n\n<p class=\"has-vivid-red-color has-white-background-color has-text-color has-background has-medium-font-size\">2025 &#8211; Golf des 4 saisons -Samedi 22 mars 2025<\/p>\n<\/blockquote>\n\n\n\n<figure class=\"wp-block-image size-large is-resized\"><img loading=\"lazy\" decoding=\"async\" width=\"1024\" height=\"428\" src=\"https:\/\/liguegolfbfc.org\/wp-content\/uploads\/2025\/03\/PP97-1-1024x428.jpg\" alt=\"\" class=\"wp-image-17157\" style=\"width:510px;height:213px\" srcset=\"https:\/\/liguegolfbfc.org\/wp-content\/uploads\/2025\/03\/PP97-1-1024x428.jpg 1024w, https:\/\/liguegolfbfc.org\/wp-content\/uploads\/2025\/03\/PP97-1-300x125.jpg 300w, https:\/\/liguegolfbfc.org\/wp-content\/uploads\/2025\/03\/PP97-1-768x321.jpg 768w, https:\/\/liguegolfbfc.org\/wp-content\/uploads\/2025\/03\/PP97-1-1536x642.jpg 1536w, https:\/\/liguegolfbfc.org\/wp-content\/uploads\/2025\/03\/PP97-1-2048x856.jpg 2048w\" sizes=\"auto, (max-width: 1024px) 100vw, 1024px\" \/><\/figure>\n\n\n\n<div data-wp-interactive=\"core\/file\" class=\"wp-block-file\"><object data-wp-bind--hidden=\"!state.hasPdfPreview\" hidden class=\"wp-block-file__embed\" data=\"https:\/\/liguegolfbfc.org\/wp-content\/uploads\/2025\/03\/Commission-Golf-Entreprise-CRendu-PP-du-22-mars-2025.pdf\" type=\"application\/pdf\" style=\"width:100%;height:350px\" aria-label=\"Contenu embarqu\u00e9 Commission-Golf-Entreprise-CRendu-PP-du-22-mars-2025.\"><\/object><a id=\"wp-block-file--media-268f0c33-68ce-4e54-aee3-7eb1e67c653d\" href=\"https:\/\/liguegolfbfc.org\/wp-content\/uploads\/2025\/03\/Commission-Golf-Entreprise-CRendu-PP-du-22-mars-2025.pdf\">Commission-Golf-Entreprise-CRendu-PP-du-22-mars-2025<\/a><a href=\"https:\/\/liguegolfbfc.org\/wp-content\/uploads\/2025\/03\/Commission-Golf-Entreprise-CRendu-PP-du-22-mars-2025.pdf\" class=\"wp-block-file__button wp-element-button\" download aria-describedby=\"wp-block-file--media-268f0c33-68ce-4e54-aee3-7eb1e67c653d\">T\u00e9l\u00e9charger<\/a><\/div>\n\n\n\n<figure class=\"wp-block-image size-full\"><img loading=\"lazy\" decoding=\"async\" width=\"464\" height=\"365\" src=\"https:\/\/liguegolfbfc.org\/wp-content\/uploads\/2025\/03\/PPpiquetage.jpg\" alt=\"\" class=\"wp-image-17049\" srcset=\"https:\/\/liguegolfbfc.org\/wp-content\/uploads\/2025\/03\/PPpiquetage.jpg 464w, https:\/\/liguegolfbfc.org\/wp-content\/uploads\/2025\/03\/PPpiquetage-300x236.jpg 300w\" sizes=\"auto, (max-width: 464px) 100vw, 464px\" \/><figcaption class=\"wp-element-caption\">L&rsquo;\u00e9quipe de mise en Pitch &amp; Putt du golf des 4 saisons<\/figcaption><\/figure>\n\n\n\n<div class=\"wp-block-file\"><a id=\"wp-block-file--media-0a188b7f-4048-4d9b-970b-6efb35379e16\" href=\"https:\/\/liguegolfbfc.org\/wp-content\/uploads\/2025\/03\/article-PP-Golfplanete.docx\">article-P&amp;P-Golfplanete du 17-03-2025<\/a><a href=\"https:\/\/liguegolfbfc.org\/wp-content\/uploads\/2025\/03\/article-PP-Golfplanete.docx\" class=\"wp-block-file__button wp-element-button\" download aria-describedby=\"wp-block-file--media-0a188b7f-4048-4d9b-970b-6efb35379e16\">T\u00e9l\u00e9charger<\/a><\/div>\n\n\n\n<h4 class=\"wp-block-heading has-vivid-red-color has-text-color\"><strong><em>Comp\u00e9tition annul\u00e9e de 2020 \u00e0 2024<\/em><\/strong><\/h4>\n\n\n\n<p class=\"has-medium-font-size\"><strong>2019 &#8211; Golf de Beaune (Compact) samedi 21 mars <\/strong><\/p>\n\n\n\n<div data-wp-interactive=\"core\/file\" class=\"wp-block-file\"><object data-wp-bind--hidden=\"!state.hasPdfPreview\" hidden class=\"wp-block-file__embed\" data=\"https:\/\/liguegolfbfc.org\/wp-content\/uploads\/2022\/03\/Resultats.pdf\" type=\"application\/pdf\" style=\"width:100%;height:200px\" aria-label=\"Contenu embarqu\u00e9 Resultats.\"><\/object><a id=\"wp-block-file--media-8b26480c-324c-4f29-8f82-25a2f202c573\" href=\"https:\/\/liguegolfbfc.org\/wp-content\/uploads\/2022\/03\/Resultats.pdf\">Resultats<\/a><a href=\"https:\/\/liguegolfbfc.org\/wp-content\/uploads\/2022\/03\/Resultats.pdf\" class=\"wp-block-file__button wp-element-button\" download aria-describedby=\"wp-block-file--media-8b26480c-324c-4f29-8f82-25a2f202c573\">T\u00e9l\u00e9charger<\/a><\/div>\n\n\n\n<p class=\"has-normal-font-size\">&#8230;&#8230;&#8230;&#8230;..<i>Golf de Beaune Levernois<\/i> &#8211;  <em>40 participants \u2013 8 AS  Qualifi\u00e9e <strong>AGJSEP DR Bourgogne&nbsp;<\/strong><\/em><\/p>\n\n\n\n<p><\/p>\n\n\n\n<p class=\"has-medium-font-size\"><strong>2018- Golf de Beaune (compact)\u2013 samedi 30 mars 2018<\/strong><\/p>\n\n\n\n<figure class=\"wp-block-image size-large\"><img loading=\"lazy\" decoding=\"async\" width=\"684\" height=\"523\" src=\"https:\/\/liguegolfbfc.org\/wp-content\/uploads\/2021\/02\/PPindiv.jpg\" alt=\"\" class=\"wp-image-4377\" srcset=\"https:\/\/liguegolfbfc.org\/wp-content\/uploads\/2021\/02\/PPindiv.jpg 684w, https:\/\/liguegolfbfc.org\/wp-content\/uploads\/2021\/02\/PPindiv-300x229.jpg 300w\" sizes=\"auto, (max-width: 684px) 100vw, 684px\" \/><\/figure>\n\n\n\n<p> &#8230;&#8230;&#8230;&#8230;..26 participants \u2013 8 AS-<em>Qualifi\u00e9e Pitch &amp;Putt 2018 :\u2013                                                                              Equipe <\/em><strong><em>2FOPEN-JS25<\/em><\/strong><em>&nbsp;&nbsp;et sur invitation <\/em><strong><em>CSLG<\/em><\/strong><\/p>\n\n\n\n<figure class=\"wp-block-image size-large\"><img loading=\"lazy\" decoding=\"async\" width=\"751\" height=\"638\" src=\"https:\/\/liguegolfbfc.org\/wp-content\/uploads\/2021\/02\/2fopen.jpg\" alt=\"\" class=\"wp-image-4378\" srcset=\"https:\/\/liguegolfbfc.org\/wp-content\/uploads\/2021\/02\/2fopen.jpg 751w, https:\/\/liguegolfbfc.org\/wp-content\/uploads\/2021\/02\/2fopen-300x255.jpg 300w\" sizes=\"auto, (max-width: 751px) 100vw, 751px\" \/><\/figure>\n\n\n\n<figure class=\"wp-block-gallery has-nested-images columns-default is-cropped wp-block-gallery-1 is-layout-flex wp-block-gallery-is-layout-flex\">\n<figure class=\"wp-block-image size-large\"><img loading=\"lazy\" decoding=\"async\" width=\"428\" height=\"716\" data-id=\"4389\" src=\"https:\/\/liguegolfbfc.org\/wp-content\/uploads\/2021\/02\/Coupe-PP-1.jpg\" alt=\"\" class=\"wp-image-4389\" srcset=\"https:\/\/liguegolfbfc.org\/wp-content\/uploads\/2021\/02\/Coupe-PP-1.jpg 428w, https:\/\/liguegolfbfc.org\/wp-content\/uploads\/2021\/02\/Coupe-PP-1-179x300.jpg 179w\" sizes=\"auto, (max-width: 428px) 100vw, 428px\" \/><\/figure>\n\n\n\n<figure class=\"wp-block-image size-large\"><img loading=\"lazy\" decoding=\"async\" width=\"578\" height=\"539\" data-id=\"4390\" src=\"https:\/\/liguegolfbfc.org\/wp-content\/uploads\/2021\/02\/CR.jpg\" alt=\"\" class=\"wp-image-4390\" srcset=\"https:\/\/liguegolfbfc.org\/wp-content\/uploads\/2021\/02\/CR.jpg 578w, https:\/\/liguegolfbfc.org\/wp-content\/uploads\/2021\/02\/CR-300x280.jpg 300w\" sizes=\"auto, (max-width: 578px) 100vw, 578px\" \/><\/figure>\n\n\n\n<figure class=\"wp-block-image size-large\"><img loading=\"lazy\" decoding=\"async\" width=\"1024\" height=\"592\" data-id=\"4391\" src=\"https:\/\/liguegolfbfc.org\/wp-content\/uploads\/2021\/02\/group-1-1024x592.jpg\" alt=\"\" class=\"wp-image-4391\" srcset=\"https:\/\/liguegolfbfc.org\/wp-content\/uploads\/2021\/02\/group-1-1024x592.jpg 1024w, https:\/\/liguegolfbfc.org\/wp-content\/uploads\/2021\/02\/group-1-300x174.jpg 300w, https:\/\/liguegolfbfc.org\/wp-content\/uploads\/2021\/02\/group-1-768x444.jpg 768w, https:\/\/liguegolfbfc.org\/wp-content\/uploads\/2021\/02\/group-1-1536x889.jpg 1536w, https:\/\/liguegolfbfc.org\/wp-content\/uploads\/2021\/02\/group-1-2048x1185.jpg 2048w\" sizes=\"auto, (max-width: 1024px) 100vw, 1024px\" \/><\/figure>\n\n\n\n<figure class=\"wp-block-image size-large\"><img loading=\"lazy\" decoding=\"async\" width=\"761\" height=\"508\" data-id=\"4392\" src=\"https:\/\/liguegolfbfc.org\/wp-content\/uploads\/2021\/02\/HL1.jpg\" alt=\"\" class=\"wp-image-4392\" srcset=\"https:\/\/liguegolfbfc.org\/wp-content\/uploads\/2021\/02\/HL1.jpg 761w, https:\/\/liguegolfbfc.org\/wp-content\/uploads\/2021\/02\/HL1-300x200.jpg 300w, https:\/\/liguegolfbfc.org\/wp-content\/uploads\/2021\/02\/HL1-272x182.jpg 272w\" sizes=\"auto, (max-width: 761px) 100vw, 761px\" \/><\/figure>\n\n\n\n<figure class=\"wp-block-image size-large\"><img loading=\"lazy\" decoding=\"async\" width=\"1024\" height=\"683\" data-id=\"4393\" src=\"https:\/\/liguegolfbfc.org\/wp-content\/uploads\/2021\/02\/Pp-18_38-1-1024x683.jpg\" alt=\"\" class=\"wp-image-4393\" srcset=\"https:\/\/liguegolfbfc.org\/wp-content\/uploads\/2021\/02\/Pp-18_38-1-1024x683.jpg 1024w, https:\/\/liguegolfbfc.org\/wp-content\/uploads\/2021\/02\/Pp-18_38-1-300x200.jpg 300w, https:\/\/liguegolfbfc.org\/wp-content\/uploads\/2021\/02\/Pp-18_38-1-768x512.jpg 768w, https:\/\/liguegolfbfc.org\/wp-content\/uploads\/2021\/02\/Pp-18_38-1-1536x1024.jpg 1536w, https:\/\/liguegolfbfc.org\/wp-content\/uploads\/2021\/02\/Pp-18_38-1-2048x1365.jpg 2048w, https:\/\/liguegolfbfc.org\/wp-content\/uploads\/2021\/02\/Pp-18_38-1-272x182.jpg 272w\" sizes=\"auto, (max-width: 1024px) 100vw, 1024px\" \/><\/figure>\n\n\n\n<figure class=\"wp-block-image size-large\"><img loading=\"lazy\" decoding=\"async\" width=\"1024\" height=\"683\" data-id=\"4394\" src=\"https:\/\/liguegolfbfc.org\/wp-content\/uploads\/2021\/02\/Pp-18_49-1024x683.jpg\" alt=\"\" class=\"wp-image-4394\" srcset=\"https:\/\/liguegolfbfc.org\/wp-content\/uploads\/2021\/02\/Pp-18_49-1024x683.jpg 1024w, https:\/\/liguegolfbfc.org\/wp-content\/uploads\/2021\/02\/Pp-18_49-300x200.jpg 300w, https:\/\/liguegolfbfc.org\/wp-content\/uploads\/2021\/02\/Pp-18_49-768x512.jpg 768w, https:\/\/liguegolfbfc.org\/wp-content\/uploads\/2021\/02\/Pp-18_49-1536x1024.jpg 1536w, https:\/\/liguegolfbfc.org\/wp-content\/uploads\/2021\/02\/Pp-18_49-2048x1365.jpg 2048w, https:\/\/liguegolfbfc.org\/wp-content\/uploads\/2021\/02\/Pp-18_49-272x182.jpg 272w\" sizes=\"auto, (max-width: 1024px) 100vw, 1024px\" \/><\/figure>\n\n\n\n<figure class=\"wp-block-image size-large\"><img loading=\"lazy\" decoding=\"async\" width=\"1024\" height=\"683\" data-id=\"4395\" src=\"https:\/\/liguegolfbfc.org\/wp-content\/uploads\/2021\/02\/Pp-18_50-1024x683.jpg\" alt=\"\" class=\"wp-image-4395\" srcset=\"https:\/\/liguegolfbfc.org\/wp-content\/uploads\/2021\/02\/Pp-18_50-1024x683.jpg 1024w, https:\/\/liguegolfbfc.org\/wp-content\/uploads\/2021\/02\/Pp-18_50-300x200.jpg 300w, https:\/\/liguegolfbfc.org\/wp-content\/uploads\/2021\/02\/Pp-18_50-768x512.jpg 768w, https:\/\/liguegolfbfc.org\/wp-content\/uploads\/2021\/02\/Pp-18_50-1536x1024.jpg 1536w, https:\/\/liguegolfbfc.org\/wp-content\/uploads\/2021\/02\/Pp-18_50-2048x1365.jpg 2048w, https:\/\/liguegolfbfc.org\/wp-content\/uploads\/2021\/02\/Pp-18_50-272x182.jpg 272w\" sizes=\"auto, (max-width: 1024px) 100vw, 1024px\" \/><\/figure>\n\n\n\n<figure class=\"wp-block-image size-large\"><img loading=\"lazy\" decoding=\"async\" width=\"1024\" height=\"683\" data-id=\"4396\" src=\"https:\/\/liguegolfbfc.org\/wp-content\/uploads\/2021\/02\/Pp-18_52-1024x683.jpg\" alt=\"\" class=\"wp-image-4396\" srcset=\"https:\/\/liguegolfbfc.org\/wp-content\/uploads\/2021\/02\/Pp-18_52-1024x683.jpg 1024w, https:\/\/liguegolfbfc.org\/wp-content\/uploads\/2021\/02\/Pp-18_52-300x200.jpg 300w, https:\/\/liguegolfbfc.org\/wp-content\/uploads\/2021\/02\/Pp-18_52-768x512.jpg 768w, https:\/\/liguegolfbfc.org\/wp-content\/uploads\/2021\/02\/Pp-18_52-1536x1024.jpg 1536w, https:\/\/liguegolfbfc.org\/wp-content\/uploads\/2021\/02\/Pp-18_52-2048x1365.jpg 2048w, https:\/\/liguegolfbfc.org\/wp-content\/uploads\/2021\/02\/Pp-18_52-272x182.jpg 272w\" sizes=\"auto, (max-width: 1024px) 100vw, 1024px\" \/><\/figure>\n<\/figure>\n\n\n\n<h2 class=\"wp-block-heading\">Finale Nationale Pitch and Putt<\/h2>\n\n\n\n<h3 class=\"wp-block-heading\">2021 Golf de Port Bourgenay les 6 et 7 novembre 2021 <strong><em>pas de participation de nos AS <\/em><\/strong><\/h3>\n\n\n\n<h3 class=\"wp-block-heading\"><mark style=\"background-color:rgba(0, 0, 0, 0)\" class=\"has-inline-color has-vivid-red-color\">2020 Golf de Port Bourgenay du 18 au 19 avril &gt;&gt;&gt; Annul\u00e9e<\/mark><mark style=\"background-color:rgba(0, 0, 0, 0)\" class=\"has-inline-color has-black-color\"> <\/mark><\/h3>\n\n\n\n<h3 class=\"wp-block-heading\">2019 Golf de la Preze 13 et 14 avril<\/h3>\n\n\n\n<p class=\"has-text-align-left has-normal-font-size\">&#8230;&#8230;&#8230;&#8230;&#8230;<em>AGJSEP DR Bourgogne&nbsp;(Baptiste MINGAM et Didier RELOT)<\/em><\/p>\n\n\n\n<p class=\"has-text-align-left has-normal-font-size\"><em> 7<sup>\u00e8me<\/sup> place sur 27 \u00e9quipes.<\/em><\/p>\n\n\n\n<figure class=\"wp-block-image is-resized\"><img decoding=\"async\" src=\"https:\/\/liguegolfbfc.org\/wp-content\/uploads\/2021\/02\/PP-2-576x1024.jpg\" alt=\"L\u2019attribut alt de cette image est vide, son nom de fichier est PP-2-576x1024.jpg.\" style=\"width:279px;height:496px\"\/><\/figure>\n\n\n\n<h3 class=\"wp-block-heading\"><strong>2018 Golf de Riom du 08 au 09 avril <\/strong>&nbsp;<\/h3>\n\n\n\n<p class=\"has-text-align-left\"> &#8230;&#8230;&#8230;&#8230;..<em>CSLG&nbsp;17<sup>\u00e8me<\/sup> (Noemie Chestier et Jean-Michel Caty)&nbsp; et 2FOPEN-JS25&nbsp;&nbsp;&nbsp; 18<sup>\u00e8me<\/sup>(Florent Bourgeois et Jerome DAVID)<\/em><\/p>\n\n\n\n<figure class=\"wp-block-image size-large\"><img loading=\"lazy\" decoding=\"async\" width=\"960\" height=\"540\" src=\"https:\/\/liguegolfbfc.org\/wp-content\/uploads\/2021\/02\/riom-01.jpg\" alt=\"\" class=\"wp-image-4376\" srcset=\"https:\/\/liguegolfbfc.org\/wp-content\/uploads\/2021\/02\/riom-01.jpg 960w, https:\/\/liguegolfbfc.org\/wp-content\/uploads\/2021\/02\/riom-01-300x169.jpg 300w, https:\/\/liguegolfbfc.org\/wp-content\/uploads\/2021\/02\/riom-01-768x432.jpg 768w\" sizes=\"auto, (max-width: 960px) 100vw, 960px\" \/><\/figure>\n\n\n\n<h3 class=\"wp-block-heading\"><strong>2017- Port Golf de Port Bourgenay &#8211; du 08 au 09 avril<\/strong><\/h3>\n\n\n\n<p class=\"has-text-align-left\"> &#8230;&#8230;&#8230;&#8230;.<em>ASPTT Belfort  27<sup>\u00e8me<\/sup> (Alain Marechal et St\u00e9phane Butard)<\/em><\/p>\n\n\n\n<figure class=\"wp-block-image size-large\"><img loading=\"lazy\" decoding=\"async\" width=\"1024\" height=\"561\" src=\"https:\/\/liguegolfbfc.org\/wp-content\/uploads\/2021\/02\/P1240266-1024x561.jpg\" alt=\"\" class=\"wp-image-4311\" srcset=\"https:\/\/liguegolfbfc.org\/wp-content\/uploads\/2021\/02\/P1240266-1024x561.jpg 1024w, https:\/\/liguegolfbfc.org\/wp-content\/uploads\/2021\/02\/P1240266-300x164.jpg 300w, https:\/\/liguegolfbfc.org\/wp-content\/uploads\/2021\/02\/P1240266-768x420.jpg 768w, https:\/\/liguegolfbfc.org\/wp-content\/uploads\/2021\/02\/P1240266-1536x841.jpg 1536w, https:\/\/liguegolfbfc.org\/wp-content\/uploads\/2021\/02\/P1240266-2048x1121.jpg 2048w\" sizes=\"auto, (max-width: 1024px) 100vw, 1024px\" \/><\/figure>\n","protected":false},"excerpt":{"rendered":"<p>Qualification r\u00e9gionale 2026 La Finale Nationale du Pitch &amp; Putt dans le golf d&rsquo;Entreprise aura lieu les 11 et 12 avril 2026 au golf de Port Bourgenay. Qualification 2026 &#8211; Samedi 04 octobre &#8211; Golf des 4 saisons Equipe de 2 titulaires pour la qualification &#8211; 2 meilleurs scores de titulaires par AS Finale nationale [&hellip;]<\/p>\n","protected":false},"author":1,"featured_media":0,"parent":0,"menu_order":0,"comment_status":"closed","ping_status":"closed","template":"page-templates\/page-full-width.php","meta":{"footnotes":""},"class_list":["post-1424","page","type-page","status-publish","hentry"],"jetpack_sharing_enabled":true,"_links":{"self":[{"href":"https:\/\/liguegolfbfc.org\/index.php\/wp-json\/wp\/v2\/pages\/1424","targetHints":{"allow":["GET"]}}],"collection":[{"href":"https:\/\/liguegolfbfc.org\/index.php\/wp-json\/wp\/v2\/pages"}],"about":[{"href":"https:\/\/liguegolfbfc.org\/index.php\/wp-json\/wp\/v2\/types\/page"}],"author":[{"embeddable":true,"href":"https:\/\/liguegolfbfc.org\/index.php\/wp-json\/wp\/v2\/users\/1"}],"replies":[{"embeddable":true,"href":"https:\/\/liguegolfbfc.org\/index.php\/wp-json\/wp\/v2\/comments?post=1424"}],"version-history":[{"count":69,"href":"https:\/\/liguegolfbfc.org\/index.php\/wp-json\/wp\/v2\/pages\/1424\/revisions"}],"predecessor-version":[{"id":19001,"href":"https:\/\/liguegolfbfc.org\/index.php\/wp-json\/wp\/v2\/pages\/1424\/revisions\/19001"}],"wp:attachment":[{"href":"https:\/\/liguegolfbfc.org\/index.php\/wp-json\/wp\/v2\/media?parent=1424"}],"curies":[{"name":"wp","href":"https:\/\/api.w.org\/{rel}","templated":true}]}}