{"id":11859,"date":"2023-04-11T12:59:17","date_gmt":"2023-04-11T10:59:17","guid":{"rendered":"https:\/\/liguegolfbfc.org\/?page_id=11859"},"modified":"2023-05-06T15:56:52","modified_gmt":"2023-05-06T13:56:52","slug":"mentions-legales","status":"publish","type":"page","link":"https:\/\/liguegolfbfc.org\/index.php\/mentions-legales\/","title":{"rendered":"Mentions L\u00e9gales"},"content":{"rendered":"<p>Le site www.liguegolfbfc.org est \u00e9dit\u00e9 par :<br \/>LA LIGUE DE GOLF BOURGOGNE<br \/>FRANCHE-COMTE [d\u00e9nomm\u00e9 La Ligue]<br \/>21 rue du Golf 21200 Beaune Levernois<br \/>Dir. de publication : C SCHATZ | Pr\u00e9sident<br \/>Resp. \u00e9ditorial : Yves Beurrier <br \/>H\u00e9bergement : OVH | 2 rue Kellermann | Roubaix | France<\/p>\n<p>\u00a0<\/p>\n\n\n<h2 class=\"wp-block-heading\">Informations CNIL<\/h2>\n\n\n\n<p>Les informations nominatives recueillies \u00e0 l\u2019occasion d\u2019une demande sur le site sont destin\u00e9es \u00e0 l\u2019usage de La Ligue. Elles pourront donner lieu \u00e0 exercice du droit d\u2019acc\u00e8s et de rectification aupr\u00e8s de La Ligue dans les conditions pr\u00e9vues par la loi n\u00b0 78-17 du 06 Janvier 1978 relative \u00e0 l\u2019informatique, aux fichiers et aux libert\u00e9s.<\/p>\n\n\n\n<h2 class=\"wp-block-heading\">Droit d\u2019auteur<\/h2>\n\n\n\n<p>Le site www.liguegolfbfc.org rel\u00e8ve de la l\u00e9gislation fran\u00e7aise et internationale sur le droit d\u2019auteur et la propri\u00e9t\u00e9 intellectuelle. Tous les droits de reproduction sont r\u00e9serv\u00e9s, y compris pour les documents t\u00e9l\u00e9chargeables et les repr\u00e9sentations iconographiques et photographiques. La reproduction de tout ou partie de ce site sur un support \u00e9lectronique quel qu\u2019il soit est formellement interdite sauf autorisation expresse de La Ligue qui est \u00e9galement directeur de publication. Vous pouvez \u00e9crire \u00e0 l\u2019administrateur du site via le formulaire de contact qui vous fera part de sa r\u00e9ponse.<\/p>\n\n\n\n<h2 class=\"wp-block-heading\">Droit applicable<\/h2>\n\n\n\n<p>Le pr\u00e9sent site est soumis aux dispositions du droit interne fran\u00e7ais. La langue par d\u00e9faut du site est la langue fran\u00e7aise. D\u2019autres langues peuvent \u00eatre n\u00e9anmoins propos\u00e9es \u00e0 titre informatif comme l\u2019anglais et l\u2019allemand. En cas de litige, seuls les tribunaux fran\u00e7ais seront comp\u00e9tents.<\/p>\n\n\n\n<h2 class=\"wp-block-heading\">Acc\u00e8s au site<\/h2>\n\n\n\n<p>L\u2019utilisateur du site www.liguegolfbfc.org reconna\u00eet disposer de la comp\u00e9tence et des moyens n\u00e9cessaires pour acc\u00e9der et utiliser ce site. La Ligue ne saurait \u00eatre tenu responsable des \u00e9l\u00e9ments en dehors de son contr\u00f4le et des dommages qui pourraient \u00e9ventuellement \u00eatre subis par l\u2019environnement technique de  l\u2019utilisateur et notamment, ses ordinateurs, logiciels, \u00e9quipements r\u00e9seaux et tout autre mat\u00e9riel utilis\u00e9 pour acc\u00e9der ou utiliser le service et\/ou les informations. Il est rappel\u00e9 que le fait d\u2019acc\u00e9der ou de se maintenir frauduleusement dans un syst\u00e8me informatique, d\u2019entraver ou de fausser le fonctionnement d\u2019un tel syst\u00e8me, d\u2019introduire ou de modifier frauduleusement des donn\u00e9es dans un syst\u00e8me  informatique constituent des d\u00e9lits passibles de sanctions p\u00e9nales.<\/p>\n\n\n\n<h2 class=\"wp-block-heading\">Contenu du site<\/h2>\n\n\n\n<p>La Ligue se r\u00e9serve le droit de corriger, \u00e0 tout moment et sans pr\u00e9avis, le contenu de ce site. En outre, La Ligue d\u00e9cline toute responsabilit\u00e9 en cas de retard, d\u2019erreur ou d\u2019omission quant au contenu des pr\u00e9sentes pages, de m\u00eame qu\u2019en cas d\u2019interruption ou de non disponibilit\u00e9 du service.<\/p>\n\n\n\n<h2 class=\"wp-block-heading\">Liens Hypertextes<\/h2>\n\n\n\n<p>Le site www.liguegolfbfc.org contient des liens hypertextes permettant l\u2019acc\u00e8s \u00e0 des sites qui ne sont pas \u00e9dit\u00e9s par La Ligue. En cons\u00e9quence cette derni\u00e8re ne saurait \u00eatre tenue pour responsable du contenu des sites auxquels l\u2019internaute aurait ainsi acc\u00e8s. La cr\u00e9ation de liens hypertextes vers le site www.liguegolfbfc.org doit faire l\u2019objet d\u2019une autorisation pr\u00e9alable \u00e0 La Ligue.<\/p>\n\n\n\n<h2 class=\"wp-block-heading\">Cookies<\/h2>\n\n\n\n<p>L\u2019utilisateur est inform\u00e9 que lors de ses visites sur le site, un cookie peut s\u2019installer automatiquement et \u00eatre conserv\u00e9 temporairement en m\u00e9moire ou sur son disque dur. Un cookie est un \u00e9l\u00e9ment qui ne permet pas d\u2019identifier l\u2019utilisateur mais sert \u00e0 enregistrer des informations relatives \u00e0 la navigation de celui-ci sur le site internet. Les utilisateurs du site reconnaissent avoir \u00e9t\u00e9 inform\u00e9s de cette pratique et autorisent La Ligue \u00e0 l\u2019employer. Ils pourront d\u00e9sactiver ce cookie par l\u2019interm\u00e9diaire des param\u00e8tres figurant au sein de leur logiciel de navigation.<\/p>\n\n\n\n<h2 class=\"wp-block-heading\">Mises \u00e0 jour du site<\/h2>\n\n\n\n<p>Le site est mis \u00e0 jour r\u00e9guli\u00e8rement par La Ligue. De la m\u00eame fa\u00e7on, les mentions l\u00e9gales peuvent \u00eatre modifi\u00e9es \u00e0 tout moment : elles s\u2019imposent n\u00e9anmoins \u00e0 l\u2019internaute qui est invit\u00e9 \u00e0 s\u2019y r\u00e9f\u00e9rer le plus souvent possible afin d\u2019en prendre connaissance.<\/p>\n","protected":false},"excerpt":{"rendered":"<p>Le site www.liguegolfbfc.org est \u00e9dit\u00e9 par :LA LIGUE DE GOLF BOURGOGNEFRANCHE-COMTE [d\u00e9nomm\u00e9 La Ligue]21 rue du Golf 21200 Beaune LevernoisDir. de publication : C SCHATZ | Pr\u00e9sidentResp. \u00e9ditorial : Yves Beurrier H\u00e9bergement : OVH | 2 rue Kellermann | Roubaix | France \u00a0 Informations CNIL Les informations nominatives recueillies \u00e0 l\u2019occasion d\u2019une demande sur le [&hellip;]<\/p>\n","protected":false},"author":1,"featured_media":0,"parent":0,"menu_order":0,"comment_status":"closed","ping_status":"closed","template":"page-templates\/page-full-width.php","meta":{"footnotes":""},"class_list":["post-11859","page","type-page","status-publish","hentry"],"jetpack_sharing_enabled":true,"_links":{"self":[{"href":"https:\/\/liguegolfbfc.org\/index.php\/wp-json\/wp\/v2\/pages\/11859","targetHints":{"allow":["GET"]}}],"collection":[{"href":"https:\/\/liguegolfbfc.org\/index.php\/wp-json\/wp\/v2\/pages"}],"about":[{"href":"https:\/\/liguegolfbfc.org\/index.php\/wp-json\/wp\/v2\/types\/page"}],"author":[{"embeddable":true,"href":"https:\/\/liguegolfbfc.org\/index.php\/wp-json\/wp\/v2\/users\/1"}],"replies":[{"embeddable":true,"href":"https:\/\/liguegolfbfc.org\/index.php\/wp-json\/wp\/v2\/comments?post=11859"}],"version-history":[{"count":8,"href":"https:\/\/liguegolfbfc.org\/index.php\/wp-json\/wp\/v2\/pages\/11859\/revisions"}],"predecessor-version":[{"id":12215,"href":"https:\/\/liguegolfbfc.org\/index.php\/wp-json\/wp\/v2\/pages\/11859\/revisions\/12215"}],"wp:attachment":[{"href":"https:\/\/liguegolfbfc.org\/index.php\/wp-json\/wp\/v2\/media?parent=11859"}],"curies":[{"name":"wp","href":"https:\/\/api.w.org\/{rel}","templated":true}]}}