{"id":1079,"date":"2020-03-24T17:38:06","date_gmt":"2020-03-24T16:38:06","guid":{"rendered":"http:\/\/liguegolfbfc.org\/?page_id=1079"},"modified":"2026-03-20T09:32:13","modified_gmt":"2026-03-20T08:32:13","slug":"actualite-sportive","status":"publish","type":"page","link":"https:\/\/liguegolfbfc.org\/index.php\/actualite-sportive\/","title":{"rendered":"ACTUALIT\u00c9 SPORTIVE"},"content":{"rendered":"\n<h2 class=\"wp-block-heading has-white-color has-midnight-gradient-background has-text-color has-background\" id=\"ProjetSportif2023\"><strong>ANN\u00c9E 2026<\/strong><\/h2>\n\n\n\n<p><strong>Saison amateur 2026 : <\/strong><\/p>\n\n\n\n<p><strong><a href=\"https:\/\/liguegolfbfc.org\/wp-content\/uploads\/2026\/03\/2026-VADEMECUM-LIGUE-1.pdf\">Vademecum Ligue<\/a><a href=\"https:\/\/liguegolfbfc.org\/wp-content\/uploads\/2026\/03\/2026-VADEMECUM-LIGUE.pdf\"> <\/a><\/strong><br><strong><a href=\"https:\/\/liguegolfbfc.org\/wp-content\/uploads\/2026\/03\/VADEMECUM-2026-Version-au-23-fevrier-1.pdf\">Vademecum FFGolf 2026<\/a><\/strong><\/p>\n\n\n\n<p><a href=\"https:\/\/liguegolfbfc.org\/wp-content\/uploads\/2026\/03\/calendrier-ligue-2026-Maj-02.03.2026.pdf\"><strong>Calendrier de Ligue 2026<\/strong> <\/a><br><strong><a href=\"https:\/\/liguegolfbfc.org\/wp-content\/uploads\/2026\/01\/V4Calendrier-Jeunes-2026.pdf\">Calendrier Jeunes 2026<\/a><\/strong><\/p>\n\n\n\n<hr class=\"wp-block-separator has-alpha-channel-opacity\"\/>\n\n\n\n<h2 class=\"wp-block-heading\">AG FFGOLF 2025<\/h2>\n\n\n\n<p>L&rsquo;Assembl\u00e9e G\u00e9n\u00e9rale Ordinaire de la F\u00e9d\u00e9ration Fran\u00e7aise de Golf (FFG) 2025 s&rsquo;est tenue au Palais des Congr\u00e8s d&rsquo;Arcachon du lundi 31 mars au mercredi 2 avril, en pr\u00e9sence de plus de 200 participants. Cet \u00e9v\u00e9nement marquait la premi\u00e8re rencontre r\u00e9unissant les pr\u00e9sidents de ligues, de comit\u00e9s d\u00e9partementaux (CD) et territoriaux (CT), les directeurs et gestionnaires de clubs, ainsi que les Greenkeepers.<\/p>\n\n\n\n<p>Le programme a d\u00e9but\u00e9 avec le s\u00e9minaire des pr\u00e9sidentes et pr\u00e9sidents de comit\u00e9s d\u00e9partementaux et territoriaux, suivi de l&rsquo;Assembl\u00e9e G\u00e9n\u00e9rale Ordinaire, au cours de laquelle diff\u00e9rents rapports ont \u00e9t\u00e9 pr\u00e9sent\u00e9s par Pascal Grizot, ainsi que par Guillaume Livet, le tr\u00e9sorier de la FFG.<\/p>\n\n\n\n<p>Un cocktail d\u00e9jeunatoire convivial, face au bassin d\u2019Arcachon, a permis aux participants de poursuivre les \u00e9changes avant le Forum de la FFG. Ce dernier a accueilli Gr\u00e9gory Havret, r\u00e9cemment nomm\u00e9 Responsable Performance de la fili\u00e8re masculine, ainsi que Ma\u00eftena Alsuguren, DTN adjointe en charge de la Performance et de l\u2019Organisation Sportive.<\/p>\n\n\n\n<p>Dans un second temps, Aur\u00e9lien Didier et Olivier Denis-Masset ont pr\u00e9sent\u00e9 la nouvelle strat\u00e9gie en mati\u00e8re de Communication et de Marketing de la FFG.<\/p>\n\n\n\n<p>Un volet particuli\u00e8rement important a \u00e9t\u00e9 consacr\u00e9 \u00e0 la Transition \u00c9cologique, introduit par Sylviane Villaudi\u00e8re, Vice-Pr\u00e9sidente, en pr\u00e9sence de G\u00e9rard Rougier, Directeur du D\u00e9veloppement Territoire Environnement, et de R\u00e9mi Dorbeau, pr\u00e9sident de l&rsquo;AGREF (Association des Personnels d\u2019Entretien des Terrains de Golf).<\/p>\n\n\n\n<p>En fin d\u2019apr\u00e8s-midi, une r\u00e9union du Comit\u00e9 Strat\u00e9gique Transition \u00c9largie a eu lieu, \u00e0 laquelle a \u00e9t\u00e9 convi\u00e9 le Pr\u00e9sident de notre ligue Alain Lyet.<\/p>\n\n\n\n<p>Le mercredi matin, les golfs d\u2019Arcachon et de Gujan-Mestras ont accueilli les traditionnelles Coupes Andr\u00e9 Bleynie pour les Pr\u00e9sidents d\u2019Associations Sportives (AS) et Gestionnaires de clubs. Fr\u00e9d\u00e9ric Durix, du club de Montceau-les-Mines, a brillamment remport\u00e9 la 2\u00e8me place en brut, tandis que la 1\u00e8re place a \u00e9t\u00e9 d\u00e9cern\u00e9e au couple Michaud du Golf d\u2019Avoise. La Coupe du Comit\u00e9 Directeur a cl\u00f4tur\u00e9 l\u2019\u00e9v\u00e9nement, r\u00e9unissant en scramble les membres du CODIR de la FFG ainsi que les Pr\u00e9sidents de Ligues et de CD\/CT.<\/p>\n\n\n\n<div class=\"wp-block-group is-nowrap is-layout-flex wp-container-core-group-is-layout-ad2f72ca wp-block-group-is-layout-flex\">\n<figure class=\"wp-block-image size-large\"><img loading=\"lazy\" decoding=\"async\" width=\"1024\" height=\"768\" src=\"https:\/\/liguegolfbfc.org\/wp-content\/uploads\/2025\/04\/WhatsApp-Image-2025-04-03-at-15.35.14-1024x768.jpeg\" alt=\"\" class=\"wp-image-17441\" srcset=\"https:\/\/liguegolfbfc.org\/wp-content\/uploads\/2025\/04\/WhatsApp-Image-2025-04-03-at-15.35.14-1024x768.jpeg 1024w, https:\/\/liguegolfbfc.org\/wp-content\/uploads\/2025\/04\/WhatsApp-Image-2025-04-03-at-15.35.14-300x225.jpeg 300w, https:\/\/liguegolfbfc.org\/wp-content\/uploads\/2025\/04\/WhatsApp-Image-2025-04-03-at-15.35.14-768x576.jpeg 768w, https:\/\/liguegolfbfc.org\/wp-content\/uploads\/2025\/04\/WhatsApp-Image-2025-04-03-at-15.35.14-1536x1152.jpeg 1536w, https:\/\/liguegolfbfc.org\/wp-content\/uploads\/2025\/04\/WhatsApp-Image-2025-04-03-at-15.35.14.jpeg 1600w\" sizes=\"auto, (max-width: 1024px) 100vw, 1024px\" \/><\/figure>\n\n\n\n<figure class=\"wp-block-image size-large\"><img loading=\"lazy\" decoding=\"async\" width=\"1024\" height=\"768\" src=\"https:\/\/liguegolfbfc.org\/wp-content\/uploads\/2025\/04\/WhatsApp-Image-2025-04-03-at-15.35.28-1024x768.jpeg\" alt=\"\" class=\"wp-image-17443\" srcset=\"https:\/\/liguegolfbfc.org\/wp-content\/uploads\/2025\/04\/WhatsApp-Image-2025-04-03-at-15.35.28-1024x768.jpeg 1024w, https:\/\/liguegolfbfc.org\/wp-content\/uploads\/2025\/04\/WhatsApp-Image-2025-04-03-at-15.35.28-300x225.jpeg 300w, https:\/\/liguegolfbfc.org\/wp-content\/uploads\/2025\/04\/WhatsApp-Image-2025-04-03-at-15.35.28-768x576.jpeg 768w, https:\/\/liguegolfbfc.org\/wp-content\/uploads\/2025\/04\/WhatsApp-Image-2025-04-03-at-15.35.28-1536x1152.jpeg 1536w, https:\/\/liguegolfbfc.org\/wp-content\/uploads\/2025\/04\/WhatsApp-Image-2025-04-03-at-15.35.28.jpeg 1600w\" sizes=\"auto, (max-width: 1024px) 100vw, 1024px\" \/><\/figure>\n<\/div>\n\n\n\n<p><br><strong>LICENCES 2025 <\/strong>&#8211;<strong> LA SAISON EST LANC\u00c9E<\/strong><br><strong><a rel=\"noreferrer noopener\" href=\"https:\/\/www.ffgolf.org\/prendre-sa-licence\/commande\" target=\"_blank\">Cliquez sur ce lien pour acc\u00e9der \u00e0 la commande de licence 2025<\/a><\/strong><\/p>\n\n\n\n<figure class=\"wp-block-image size-large\"><img loading=\"lazy\" decoding=\"async\" width=\"1024\" height=\"344\" src=\"https:\/\/liguegolfbfc.org\/wp-content\/uploads\/2024\/12\/licence-image-1024x344.png\" alt=\"\" class=\"wp-image-16211\" srcset=\"https:\/\/liguegolfbfc.org\/wp-content\/uploads\/2024\/12\/licence-image-1024x344.png 1024w, https:\/\/liguegolfbfc.org\/wp-content\/uploads\/2024\/12\/licence-image-300x101.png 300w, https:\/\/liguegolfbfc.org\/wp-content\/uploads\/2024\/12\/licence-image-768x258.png 768w, https:\/\/liguegolfbfc.org\/wp-content\/uploads\/2024\/12\/licence-image.png 1138w\" sizes=\"auto, (max-width: 1024px) 100vw, 1024px\" \/><\/figure>\n","protected":false},"excerpt":{"rendered":"<p>ANN\u00c9E 2026 Saison amateur 2026 : Vademecum Ligue Vademecum FFGolf 2026 Calendrier de Ligue 2026 Calendrier Jeunes 2026 AG FFGOLF 2025 L&rsquo;Assembl\u00e9e G\u00e9n\u00e9rale Ordinaire de la F\u00e9d\u00e9ration Fran\u00e7aise de Golf (FFG) 2025 s&rsquo;est tenue au Palais des Congr\u00e8s d&rsquo;Arcachon du lundi 31 mars au mercredi 2 avril, en pr\u00e9sence de plus de 200 participants. Cet [&hellip;]<\/p>\n","protected":false},"author":1,"featured_media":0,"parent":0,"menu_order":0,"comment_status":"closed","ping_status":"closed","template":"page-templates\/page-full-width.php","meta":{"footnotes":""},"class_list":["post-1079","page","type-page","status-publish","hentry"],"jetpack_sharing_enabled":true,"_links":{"self":[{"href":"https:\/\/liguegolfbfc.org\/index.php\/wp-json\/wp\/v2\/pages\/1079","targetHints":{"allow":["GET"]}}],"collection":[{"href":"https:\/\/liguegolfbfc.org\/index.php\/wp-json\/wp\/v2\/pages"}],"about":[{"href":"https:\/\/liguegolfbfc.org\/index.php\/wp-json\/wp\/v2\/types\/page"}],"author":[{"embeddable":true,"href":"https:\/\/liguegolfbfc.org\/index.php\/wp-json\/wp\/v2\/users\/1"}],"replies":[{"embeddable":true,"href":"https:\/\/liguegolfbfc.org\/index.php\/wp-json\/wp\/v2\/comments?post=1079"}],"version-history":[{"count":252,"href":"https:\/\/liguegolfbfc.org\/index.php\/wp-json\/wp\/v2\/pages\/1079\/revisions"}],"predecessor-version":[{"id":19919,"href":"https:\/\/liguegolfbfc.org\/index.php\/wp-json\/wp\/v2\/pages\/1079\/revisions\/19919"}],"wp:attachment":[{"href":"https:\/\/liguegolfbfc.org\/index.php\/wp-json\/wp\/v2\/media?parent=1079"}],"curies":[{"name":"wp","href":"https:\/\/api.w.org\/{rel}","templated":true}]}}